100.43.83.160 - - [15/Jun/2012:11:59:00 -0700] "GET /flooring/ HTTP/1.1" 200 15517 "-" "Mozilla/5.0 (compatible; YandexBot/3.0; +http://yandex.com/bots)" "beavermade.net"
180.76.5.65 - - [15/Jun/2012:12:04:21 -0700] "GET /hardwood_flooring/pages/contact-us/privacy-policy.htm HTTP/1.1" 200 8723 "-" "Mozilla/5.0 (compatible; Baiduspider/2.0; +http://www.baidu.com/search/spider.html)" "www.beavermade.net"
66.249.73.70 - - [15/Jun/2012:12:12:14 -0700] "GET /hardwood_flooring/pages/pic-gallery/my_favorites/_derived/my-favorites.htm_cmp_expeditn010_hbtn_a.gif HTTP/1.1" 200 2446 "-" "Googlebot-Image/1.0" "beavermade.net"
66.249.73.80 - - [15/Jun/2012:12:18:53 -0700] "GET /hardwood_flooring/images/pic-gallery-complete/Work%20pics/2002/Install/Santos-Mohogany-SJ/Santos%20Mohagany%201%20800x600.JPG HTTP/1.1" 200 34175 "-" "Googlebot-Image/1.0" "beavermade.net"
208.115.111.71 - - [15/Jun/2012:12:40:24 -0700] "GET /hardwood_flooring/pages/calander/06/01-06.htm HTTP/1.1" 200 33216 "-" "Mozilla/5.0 (compatible; Ezooms/1.0; ezooms.bot@gmail.com)" "beavermade.net"
66.249.73.67 - - [15/Jun/2012:12:50:47 -0700] "GET /hardwood_flooring/images/photogallery/gallery/2003/photo2003/_derived/real.htm_cmp_piechart010_hbtn_p.gif HTTP/1.1" 200 371 "-" "Googlebot-Image/1.0" "beavermade.net"
208.115.113.87 - - [15/Jun/2012:12:58:08 -0700] "GET /robots.txt HTTP/1.1" 404 89 "-" "Mozilla/5.0 (compatible; Ezooms/1.0; ezooms.bot@gmail.com)" "beavermade.net"
1.202.218.8 - - [15/Jun/2012:12:59:27 -0700] "GET /robots.txt HTTP/1.0" 404 73 "-" "\"Mozilla/5.0" "beavermade.net"
66.249.73.65 - - [15/Jun/2012:13:16:31 -0700] "GET /hardwood_flooring/pages/references/feedback-letters_05/_derived/jan%20darvas.htm_cmp_artsy010_hbtn.gif HTTP/1.1" 404 89 "-" "Googlebot-Image/1.0" "beavermade.net"
66.249.73.72 - - [15/Jun/2012:13:37:24 -0700] "GET /hardwood_flooring/images/pic-gallery-complete/Work%20pics/2006/1/IM000186.JPG HTTP/1.1" 200 558406 "-" "Googlebot-Image/1.0" "beavermade.net"
66.249.73.67 - - [15/Jun/2012:14:20:07 -0700] "GET /hardwood_flooring/images/photogallery/gallery/2005/photo2005/IM000039.JPG HTTP/1.1" 200 2185 "-" "Googlebot-Image/1.0" "beavermade.net"
208.115.113.87 - - [15/Jun/2012:14:36:25 -0700] "GET /hardwood_flooring/images/photogallery/gallery/2009-10-11/09-10-11-01/photo00008770/real.htm HTTP/1.1" 200 35124 "-" "Mozilla/5.0 (compatible; Ezooms/1.0; ezooms.bot@gmail.com)" "beavermade.net"
208.115.113.87 - - [15/Jun/2012:14:36:25 -0700] "GET /hardwood_flooring/images/photogallery/gallery/2009-10-11/09-10-11-14/real.htm HTTP/1.1" 200 34824 "-" "Mozilla/5.0 (compatible; Ezooms/1.0; ezooms.bot@gmail.com)" "beavermade.net"
66.249.73.78 - - [15/Jun/2012:14:39:53 -0700] "GET /hardwood_flooring/images/photogallery/feedback/ref%252006/beverly%2520garland%2520-%2520800%2520wide.jpg HTTP/1.1" 404 89 "-" "Googlebot-Image/1.0" "beavermade.net"
208.115.111.71 - - [15/Jun/2012:15:02:16 -0700] "GET /robots.txt HTTP/1.1" 404 89 "-" "Mozilla/5.0 (compatible; Ezooms/1.0; ezooms.bot@gmail.com)" "beavermade.net"
157.55.17.143 - - [15/Jun/2012:15:22:55 -0700] "GET /robots.txt HTTP/1.1" 404 89 "-" "Mozilla/5.0 (compatible; bingbot/2.0; +http://www.bing.com/bingbot.htm)" "beavermade.net"
66.249.73.26 - - [15/Jun/2012:15:26:25 -0700] "GET /hardwood_flooring/pages/calander/04/_derived/cal-04.htm_cmp_global010_hbtn.gif HTTP/1.1" 200 433 "-" "Googlebot-Image/1.0" "beavermade.net"
66.249.73.28 - - [15/Jun/2012:15:30:52 -0700] "GET /flooring/images/photogallery/gallery/2006/photo2006/IM000202.JPG HTTP/1.1" 200 2010 "-" "Googlebot-Image/1.0" "beavermade.net"
157.55.17.143 - - [15/Jun/2012:15:42:58 -0700] "GET /hardwood_flooring/ HTTP/1.1" 200 17070 "-" "Mozilla/5.0 (compatible; bingbot/2.0; +http://www.bing.com/bingbot.htm)" "beavermade.net"
66.249.73.73 - - [15/Jun/2012:15:43:42 -0700] "GET /hardwood_flooring/images/photogallery/gallery/2004/photo2004/RCA_0023.JPG HTTP/1.1" 200 2271 "-" "Googlebot-Image/1.0" "beavermade.net"
1.202.218.8 - - [15/Jun/2012:15:55:02 -0700] "GET /robots.txt HTTP/1.0" 404 73 "-" "\"Mozilla/5.0" "beavermade.net"
66.249.73.71 - - [15/Jun/2012:16:05:06 -0700] "GET /flooring/pages/calander/09/_derived/cal-09.htm_cmp_global010_hbtn.gif HTTP/1.1" 200 377 "-" "Googlebot-Image/1.0" "beavermade.net"
208.115.111.71 - - [15/Jun/2012:16:28:03 -0700] "GET /hardwood_flooring/pages/calander/06/01-06.htm HTTP/1.1" 200 33216 "-" "Mozilla/5.0 (compatible; Ezooms/1.0; ezooms.bot@gmail.com)" "beavermade.net"
208.115.113.87 - - [15/Jun/2012:16:37:20 -0700] "GET /robots.txt HTTP/1.1" 404 89 "-" "Mozilla/5.0 (compatible; Ezooms/1.0; ezooms.bot@gmail.com)" "beavermade.net"
209.85.238.11 - - [15/Jun/2012:16:39:00 -0700] "GET / HTTP/1.1" 200 17070 "-" "AdsBot-Google (+http://www.google.com/adsbot.html)" "beavermade.net"
209.85.238.11 - - [15/Jun/2012:16:39:02 -0700] "GET / HTTP/1.1" 200 17070 "-" "AdsBot-Google-Mobile (+http://www.google.com/mobile/adsbot.html) Mozilla (iPhone; U; CPU iPhone OS 3 0 like Mac OS X) AppleWebKit (KHTML, like Gecko) Mobile Safari" "beavermade.net"
66.249.73.69 - - [15/Jun/2012:16:45:03 -0700] "GET /hardwood_flooring/images/photogallery/gallery/2009-10-11/09-10-11-06/5-9-11.2%20082.jpg HTTP/1.1" 200 1837 "-" "Googlebot-Image/1.0" "beavermade.net"
66.249.73.69 - - [15/Jun/2012:16:50:17 -0700] "GET /flooring/pages/_borders/_vti_cnf/lefth3.jpg HTTP/1.1" 200 285 "-" "Googlebot-Image/1.0" "beavermade.net"
66.249.73.28 - - [15/Jun/2012:16:55:36 -0700] "GET /hardwood_flooring/images/photogallery/gallery/2008/photo00030287/IM000694.jpg HTTP/1.1" 200 2370 "-" "Googlebot-Image/1.0" "beavermade.net"
66.249.73.75 - - [15/Jun/2012:16:56:06 -0700] "GET /hardwood_flooring/images/photogallery/gallery/2009-10-11/09-10-11-01/photo00008770/3-3-09%20094.jpg HTTP/1.1" 200 1721 "-" "Googlebot-Image/1.0" "beavermade.net"
208.115.113.87 - - [15/Jun/2012:17:11:45 -0700] "GET /robots.txt HTTP/1.1" 404 89 "-" "Mozilla/5.0 (compatible; Ezooms/1.0; ezooms.bot@gmail.com)" "beavermade.net"
66.249.73.76 - - [15/Jun/2012:17:28:53 -0700] "GET /hardwood_flooring/pages/calander/04/_derived/cal-04.htm_cmp_artsy010_hbtn.gif HTTP/1.1" 200 3067 "-" "Googlebot-Image/1.0" "beavermade.net"
66.249.73.88 - - [15/Jun/2012:17:59:55 -0700] "GET /robots.txt HTTP/1.1" 404 89 "-" "Mozilla/5.0 (compatible; Googlebot/2.1; +http://www.google.com/bot.html)" "www.beavermade.net"
208.115.113.87 - - [15/Jun/2012:18:18:16 -0700] "GET /robots.txt HTTP/1.1" 404 89 "-" "Mozilla/5.0 (compatible; Ezooms/1.0; ezooms.bot@gmail.com)" "beavermade.net"
208.115.111.71 - - [15/Jun/2012:18:32:13 -0700] "GET /robots.txt HTTP/1.1" 404 89 "-" "Mozilla/5.0 (compatible; Ezooms/1.0; ezooms.bot@gmail.com)" "beavermade.net"
66.249.73.68 - - [15/Jun/2012:19:08:42 -0700] "GET /hardwood_flooring/images/pic-gallery-complete/Work%20pics/2010-2011/3-3-09%20016.jpg HTTP/1.1" 200 739008 "-" "Googlebot-Image/1.0" "beavermade.net"
66.249.73.69 - - [15/Jun/2012:19:15:58 -0700] "GET /hardwood_flooring/images/pic-gallery-complete/Work%20pics/2010-2011/3-3-09%20039.jpg HTTP/1.1" 200 593888 "-" "Googlebot-Image/1.0" "beavermade.net"
180.76.5.63 - - [15/Jun/2012:19:30:22 -0700] "GET /flooring/index.html HTTP/1.1" 200 15517 "-" "Mozilla/5.0 (compatible; Baiduspider/2.0; +http://www.baidu.com/search/spider.html)" "www.beavermade.net"
180.76.5.173 - - [15/Jun/2012:19:33:49 -0700] "GET /flooring/pages/links/hardwood_flooring_links.htm HTTP/1.1" 200 21472 "-" "Mozilla/5.0 (compatible; Baiduspider/2.0; +http://www.baidu.com/search/spider.html)" "www.beavermade.net"
208.115.111.71 - - [15/Jun/2012:19:39:23 -0700] "GET /hardwood_flooring/pages/calander/06/01-06.htm HTTP/1.1" 200 33216 "-" "Mozilla/5.0 (compatible; Ezooms/1.0; ezooms.bot@gmail.com)" "beavermade.net"
208.115.113.87 - - [15/Jun/2012:19:57:55 -0700] "GET /hardwood_flooring/images/photogallery/gallery/2009-10-11/09-10-11-01/photo00008770/real.htm HTTP/1.1" 200 35124 "-" "Mozilla/5.0 (compatible; Ezooms/1.0; ezooms.bot@gmail.com)" "beavermade.net"
208.115.113.87 - - [15/Jun/2012:19:57:55 -0700] "GET /hardwood_flooring/images/photogallery/gallery/2009-10-11/09-10-11-14/real.htm HTTP/1.1" 200 34824 "-" "Mozilla/5.0 (compatible; Ezooms/1.0; ezooms.bot@gmail.com)" "beavermade.net"
207.46.199.46 - - [15/Jun/2012:20:33:16 -0700] "GET /robots.txt HTTP/1.1" 404 89 "-" "Mozilla/5.0 (compatible; bingbot/2.0; +http://www.bing.com/bingbot.htm)" "beavermade.net"
207.46.199.46 - - [15/Jun/2012:20:46:35 -0700] "GET /hardwood_flooring/pages/references/hardwood_flooring_references.htm HTTP/1.1" 200 139211 "-" "Mozilla/5.0 (compatible; bingbot/2.0; +http://www.bing.com/bingbot.htm)" "beavermade.net"
100.43.83.160 - - [15/Jun/2012:20:56:28 -0700] "GET /flooring/pages/references/feedback-letters_03/jan_ref_letter.htm HTTP/1.1" 200 2127 "-" "Mozilla/5.0 (compatible; YandexBot/3.0; +http://yandex.com/bots)" "beavermade.net"
208.115.113.87 - - [15/Jun/2012:21:01:54 -0700] "GET /robots.txt HTTP/1.1" 404 89 "-" "Mozilla/5.0 (compatible; Ezooms/1.0; ezooms.bot@gmail.com)" "beavermade.net"
66.249.73.70 - - [15/Jun/2012:21:58:14 -0700] "GET /flooring/images/photogallery/feedback/ref%2007/main%20ref%2007/07%20large%20pics/karen%20evans%20-%20800%20wide.jpg HTTP/1.1" 200 585632 "-" "Googlebot-Image/1.0" "beavermade.net"
176.9.146.19 - - [15/Jun/2012:22:02:00 -0700] "GET /robots.txt HTTP/1.1" 404 89 "-" "Mozilla/5.0 (compatible; SISTRIX Crawler; http://crawler.sistrix.net/)" "beavermade.net"
176.9.146.19 - - [15/Jun/2012:22:02:00 -0700] "GET / HTTP/1.1" 200 17070 "-" "Mozilla/5.0 (compatible; SISTRIX Crawler; http://crawler.sistrix.net/)" "beavermade.net"
176.9.146.19 - - [15/Jun/2012:22:02:01 -0700] "GET /index.html HTTP/1.1" 200 17070 "-" "Mozilla/5.0 (compatible; SISTRIX Crawler; http://crawler.sistrix.net/)" "beavermade.net"
176.9.146.19 - - [15/Jun/2012:22:02:01 -0700] "GET /pages/pic-gallery/hardwood_flooring_picture_gallery.htm HTTP/1.1" 404 89 "-" "Mozilla/5.0 (compatible; SISTRIX Crawler; http://crawler.sistrix.net/)" "beavermade.net"
176.9.146.19 - - [15/Jun/2012:22:02:02 -0700] "GET /pages/faqs/hardwood_flooring_faqs_m.htm HTTP/1.1" 404 89 "-" "Mozilla/5.0 (compatible; SISTRIX Crawler; http://crawler.sistrix.net/)" "beavermade.net"
176.9.146.19 - - [15/Jun/2012:22:02:02 -0700] "GET /pages/contact-us/hardwood_flooring_contact_us_m.htm HTTP/1.1" 404 89 "-" "Mozilla/5.0 (compatible; SISTRIX Crawler; http://crawler.sistrix.net/)" "beavermade.net"
176.9.146.19 - - [15/Jun/2012:22:02:02 -0700] "GET /pages/links/hardwood_flooring_links.htm HTTP/1.1" 404 89 "-" "Mozilla/5.0 (compatible; SISTRIX Crawler; http://crawler.sistrix.net/)" "beavermade.net"
176.9.146.19 - - [15/Jun/2012:22:02:02 -0700] "GET /pages/references/hardwood_flooring_references.htm HTTP/1.1" 404 89 "-" "Mozilla/5.0 (compatible; SISTRIX Crawler; http://crawler.sistrix.net/)" "beavermade.net"
176.9.146.19 - - [15/Jun/2012:22:02:03 -0700] "GET /hardwood_flooring/pages/contact-us/privacy-policy.htm HTTP/1.1" 200 8723 "-" "Mozilla/5.0 (compatible; SISTRIX Crawler; http://crawler.sistrix.net/)" "beavermade.net"
176.9.146.19 - - [15/Jun/2012:22:02:03 -0700] "GET /pages/calander/hardwood_flooring_current-cal.htm HTTP/1.1" 404 89 "-" "Mozilla/5.0 (compatible; SISTRIX Crawler; http://crawler.sistrix.net/)" "beavermade.net"
176.9.146.19 - - [15/Jun/2012:22:02:03 -0700] "GET /hardwood_flooring/index-google.html HTTP/1.1" 200 37637 "-" "Mozilla/5.0 (compatible; SISTRIX Crawler; http://crawler.sistrix.net/)" "beavermade.net"
176.9.146.19 - - [15/Jun/2012:22:02:04 -0700] "GET /hardwood_flooring/index-bing.html HTTP/1.1" 200 20021 "-" "Mozilla/5.0 (compatible; SISTRIX Crawler; http://crawler.sistrix.net/)" "beavermade.net"
176.9.146.19 - - [15/Jun/2012:22:02:05 -0700] "GET /hardwood_flooring/index.html HTTP/1.1" 200 17070 "-" "Mozilla/5.0 (compatible; SISTRIX Crawler; http://crawler.sistrix.net/)" "beavermade.net"
176.9.146.19 - - [15/Jun/2012:22:02:05 -0700] "GET /hardwood_flooring/index-yahoo.html HTTP/1.1" 200 21598 "-" "Mozilla/5.0 (compatible; SISTRIX Crawler; http://crawler.sistrix.net/)" "beavermade.net"
176.9.146.19 - - [15/Jun/2012:22:02:06 -0700] "GET /hardwood_flooring/pages/links/hardwood_flooring_links.htm HTTP/1.1" 200 31073 "-" "Mozilla/5.0 (compatible; SISTRIX Crawler; http://crawler.sistrix.net/)" "beavermade.net"
176.9.146.19 - - [15/Jun/2012:22:02:07 -0700] "GET /hardwood_flooring/pages/contact-us/hardwood_flooring_contact_us_m.htm HTTP/1.1" 200 21144 "-" "Mozilla/5.0 (compatible; SISTRIX Crawler; http://crawler.sistrix.net/)" "beavermade.net"
176.9.146.19 - - [15/Jun/2012:22:02:08 -0700] "GET /hardwood_flooring/pages/pic-gallery/hardwood_flooring_picture_gallery.htm HTTP/1.1" 200 21913 "-" "Mozilla/5.0 (compatible; SISTRIX Crawler; http://crawler.sistrix.net/)" "beavermade.net"
176.9.146.19 - - [15/Jun/2012:22:02:08 -0700] "GET /hardwood_flooring/pages/calander/hardwood_flooring_current-cal.htm HTTP/1.1" 200 18117 "-" "Mozilla/5.0 (compatible; SISTRIX Crawler; http://crawler.sistrix.net/)" "beavermade.net"
176.9.146.19 - - [15/Jun/2012:22:02:09 -0700] "GET /hardwood_flooring/pages/faqs/hardwood_flooring_faqs_m.htm HTTP/1.1" 200 23177 "-" "Mozilla/5.0 (compatible; SISTRIX Crawler; http://crawler.sistrix.net/)" "beavermade.net"
176.9.146.19 - - [15/Jun/2012:22:02:10 -0700] "GET /hardwood_flooring/pages/references/hardwood_flooring_references.htm HTTP/1.1" 200 139211 "-" "Mozilla/5.0 (compatible; SISTRIX Crawler; http://crawler.sistrix.net/)" "beavermade.net"
208.115.111.71 - - [15/Jun/2012:22:04:11 -0700] "GET /robots.txt HTTP/1.1" 404 89 "-" "Mozilla/5.0 (compatible; Ezooms/1.0; ezooms.bot@gmail.com)" "beavermade.net"
66.249.73.75 - - [15/Jun/2012:22:10:01 -0700] "GET /flooring/pages/calander/10/_derived/03-10.htm_cmp_global010_bnr.gif HTTP/1.1" 200 4055 "-" "Googlebot-Image/1.0" "beavermade.net"
100.43.83.160 - - [15/Jun/2012:22:29:39 -0700] "GET /hardwood/pages/contact-us/privacy-policy.htm HTTP/1.1" 404 89 "-" "Mozilla/5.0 (compatible; YandexBot/3.0; +http://yandex.com/bots)" "beavermade.net"
208.115.111.71 - - [15/Jun/2012:23:10:44 -0700] "GET /hardwood_flooring/pages/calander/06/01-06.htm HTTP/1.1" 200 33216 "-" "Mozilla/5.0 (compatible; Ezooms/1.0; ezooms.bot@gmail.com)" "beavermade.net"
66.249.73.25 - - [15/Jun/2012:23:21:37 -0700] "GET /flooring/images/photogallery/gallery/2004/photo2004/IMG0221.JPG HTTP/1.1" 200 2545 "-" "Googlebot-Image/1.0" "beavermade.net"
66.249.73.73 - - [15/Jun/2012:23:25:06 -0700] "GET /flooring/pages/calander/05/_derived/06-05.htm_cmp_artsy010_hbtn_a.gif HTTP/1.1" 200 2753 "-" "Googlebot-Image/1.0" "beavermade.net"
1.202.218.8 - - [16/Jun/2012:00:10:14 -0700] "GET /robots.txt HTTP/1.0" 404 73 "-" "\"Mozilla/5.0" "beavermade.net"
81.52.143.33 - - [16/Jun/2012:00:19:23 -0700] "GET /hardwood_flooring/ HTTP/1.1" 200 17070 "-" "Mozilla/5.0 (Windows; U; Windows NT 5.1; fr; rv:1.8.1) VoilaBot BETA 1.2 (support.voilabot@orange-ftgroup.com)" "beavermade.net"
66.249.73.25 - - [16/Jun/2012:00:27:30 -0700] "GET /robots.txt HTTP/1.1" 404 89 "-" "Mozilla/5.0 (compatible; Googlebot/2.1; +http://www.google.com/bot.html)" "beavermade.net"
66.249.73.28 - - [16/Jun/2012:00:27:31 -0700] "GET /hardwood_flooring/pages/calander/11/_overlay/_vti_cnf/cal-11.htm_nav_evrgreen010_hbtn.gif HTTP/1.1" 200 513 "-" "Googlebot-Image/1.0" "beavermade.net"
208.115.111.71 - - [16/Jun/2012:01:37:00 -0700] "GET /robots.txt HTTP/1.1" 404 89 "-" "Mozilla/5.0 (compatible; Ezooms/1.0; ezooms.bot@gmail.com)" "beavermade.net"
66.249.73.77 - - [16/Jun/2012:02:06:09 -0700] "GET /hardwood_flooring_sacramento/images/photogallery/gallery/2006/photo2006/IM000196.JPG HTTP/1.1" 200 2078 "-" "Googlebot-Image/1.0" "beavermade.net"
66.249.73.74 - - [16/Jun/2012:02:09:47 -0700] "GET /flooring/images/photogallery/feedback/ref%2007/ref%20tim%2007/0-30-07%20159.jpg HTTP/1.1" 200 3773 "-" "Googlebot-Image/1.0" "beavermade.net"
66.249.73.77 - - [16/Jun/2012:02:41:28 -0700] "GET /flooring/pages/faqs/_derived/hardwood_flooring_faqs_m.htm_cmp_papyrus010_hbtn_p.gif HTTP/1.1" 200 864 "-" "Googlebot-Image/1.0" "beavermade.net"
208.115.111.71 - - [16/Jun/2012:02:43:53 -0700] "GET /hardwood_flooring/pages/calander/06/01-06.htm HTTP/1.1" 200 33216 "-" "Mozilla/5.0 (compatible; Ezooms/1.0; ezooms.bot@gmail.com)" "beavermade.net"
66.249.73.71 - - [16/Jun/2012:03:20:01 -0700] "GET /hardwood_flooring/pages/pic-gallery/2009/_overlay/2009_pics.htm_nav_expeditn010_hbtn.gif HTTP/1.1" 404 89 "-" "Googlebot-Image/1.0" "beavermade.net"
66.249.73.67 - - [16/Jun/2012:03:57:53 -0700] "GET /hardwood_flooring/images/photogallery/gallery/2009-10-11/09-10-11%2012/3-3-09%20046.jpg HTTP/1.1" 404 89 "-" "Googlebot-Image/1.0" "beavermade.net"
207.46.204.177 - - [16/Jun/2012:04:25:16 -0700] "GET /robots.txt HTTP/1.1" 404 89 "-" "Mozilla/5.0 (compatible; bingbot/2.0; +http://www.bing.com/bingbot.htm)" "beavermade.net"
207.46.204.177 - - [16/Jun/2012:04:31:25 -0700] "GET / HTTP/1.1" 200 17070 "-" "Mozilla/5.0 (compatible; bingbot/2.0; +http://www.bing.com/bingbot.htm)" "beavermade.net"
66.249.73.70 - - [16/Jun/2012:04:59:31 -0700] "GET /hardwood_flooring/images/misc-pages/logos/beaver_bandw_sharpened_small.jpg HTTP/1.1" 200 6432 "-" "Googlebot-Image/1.0" "beavermade.net"
208.115.111.71 - - [16/Jun/2012:05:11:50 -0700] "GET /robots.txt HTTP/1.1" 404 89 "-" "Mozilla/5.0 (compatible; Ezooms/1.0; ezooms.bot@gmail.com)" "beavermade.net"
207.46.204.177 - - [16/Jun/2012:05:18:09 -0700] "GET / HTTP/1.1" 200 17070 "-" "Mozilla/5.0 (compatible; bingbot/2.0; +http://www.bing.com/bingbot.htm)" "beavermade.net"
77.75.77.11 - - [16/Jun/2012:05:46:02 -0700] "GET /robots.txt HTTP/1.1" 404 89 "-" "SeznamBot/3.0 (+http://fulltext.sblog.cz/)" "beavermade.net"
77.75.77.11 - - [16/Jun/2012:05:46:03 -0700] "GET /hardwood_flooring/images/photogallery/gallery/2005/photo2005/real.htm HTTP/1.1" 200 143460 "-" "SeznamBot/3.0 (+http://fulltext.sblog.cz/)" "beavermade.net"
77.75.77.11 - - [16/Jun/2012:05:46:04 -0700] "GET /hardwood_flooring/pages/calander/04/01-04.htm HTTP/1.1" 200 29529 "-" "SeznamBot/3.0 (+http://fulltext.sblog.cz/)" "beavermade.net"
77.75.77.11 - - [16/Jun/2012:05:46:06 -0700] "GET /hardwood_flooring/pages/calander/10/06-10.htm HTTP/1.1" 200 25934 "-" "SeznamBot/3.0 (+http://fulltext.sblog.cz/)" "beavermade.net"
77.75.77.11 - - [16/Jun/2012:05:46:07 -0700] "GET /hardwood_flooring/pages/calander/10/12-10.htm HTTP/1.1" 200 26450 "-" "SeznamBot/3.0 (+http://fulltext.sblog.cz/)" "beavermade.net"
66.249.73.73 - - [16/Jun/2012:06:01:09 -0700] "GET /flooring/pages/_borders/_vti_cnf/prosforhome-croppedsmall.JPG HTTP/1.1" 200 237 "-" "Googlebot-Image/1.0" "beavermade.net"
66.249.73.74 - - [16/Jun/2012:06:08:00 -0700] "GET /flooring/pages/pic-gallery/_derived/hardwood_flooring_picture_gallery.htm_cmp_deepblue010_hbtn.gif HTTP/1.1" 200 2405 "-" "Googlebot-Image/1.0" "beavermade.net"
66.249.73.69 - - [16/Jun/2012:06:18:03 -0700] "GET /dan/images/photogallery/photo00006936/WestcourtED2.jpg HTTP/1.1" 404 89 "-" "Googlebot-Image/1.0" "beavermade.net"
208.115.111.71 - - [16/Jun/2012:06:20:59 -0700] "GET /hardwood_flooring/pages/calander/06/01-06.htm HTTP/1.1" 200 33216 "-" "Mozilla/5.0 (compatible; Ezooms/1.0; ezooms.bot@gmail.com)" "beavermade.net"
208.115.111.71 - - [16/Jun/2012:07:30:01 -0700] "GET /robots.txt HTTP/1.1" 404 89 "-" "Mozilla/5.0 (compatible; Ezooms/1.0; ezooms.bot@gmail.com)" "beavermade.net"
208.115.111.71 - - [16/Jun/2012:08:38:41 -0700] "GET /hardwood_flooring/pages/calander/06/01-06.htm HTTP/1.1" 200 33216 "-" "Mozilla/5.0 (compatible; Ezooms/1.0; ezooms.bot@gmail.com)" "beavermade.net"
1.202.218.8 - - [16/Jun/2012:08:40:25 -0700] "GET /robots.txt HTTP/1.0" 404 73 "-" "\"Mozilla/5.0" "beavermade.net"
66.249.73.65 - - [16/Jun/2012:09:09:27 -0700] "GET /hardwood_flooring/images/photogallery/gallery/2009-10-11/09-10-11-05/5-24-10%20014.jpg HTTP/1.1" 200 1707 "-" "Googlebot-Image/1.0" "beavermade.net"
180.76.5.154 - - [16/Jun/2012:09:40:31 -0700] "GET /flooring/pages/faqs/hardwood_flooring_faqs_m.htm HTTP/1.1" 200 11943 "-" "Mozilla/5.0 (compatible; Baiduspider/2.0; +http://www.baidu.com/search/spider.html)" "www.beavermade.net"
180.76.5.194 - - [16/Jun/2012:09:43:53 -0700] "GET /flooring/pages/calander/hardwood_flooring_current-cal.htm HTTP/1.1" 200 2968 "-" "Mozilla/5.0 (compatible; Baiduspider/2.0; +http://www.baidu.com/search/spider.html)" "www.beavermade.net"
66.249.73.76 - - [16/Jun/2012:09:54:30 -0700] "GET /hardwood_flooring/images/photogallery/feedback/ref07/ref_tim_07/0-30-07%20148.jpg HTTP/1.1" 200 4124 "-" "Googlebot-Image/1.0" "beavermade.net"
66.249.73.83 - - [16/Jun/2012:10:23:07 -0700] "GET /robots.txt HTTP/1.1" 404 89 "-" "Mozilla/5.0 (compatible; Googlebot/2.1; +http://www.google.com/bot.html)" "www.beavermade.net"
75.101.174.134 - - [16/Jun/2012:10:33:30 -0700] "GET /flooring/pages/links/boycott.htm HTTP/1.0" 200 15197 "-" "linkdex.com/v2.0" "beavermade.net"
107.20.76.68 - - [16/Jun/2012:10:33:31 -0700] "GET /robots.txt HTTP/1.0" 404 73 "-" "linkdex.com/v2.0" "beavermade.net"
107.20.76.68 - - [16/Jun/2012:10:33:31 -0700] "GET /robots.txt HTTP/1.0" 404 73 "-" "linkdex.com/v2.0" "www.beavermade.net"
77.75.77.11 - - [16/Jun/2012:10:55:09 -0700] "GET /robots.txt HTTP/1.1" 404 89 "-" "SeznamBot/3.0 (+http://fulltext.sblog.cz/)" "beavermade.net"
77.75.77.11 - - [16/Jun/2012:10:55:10 -0700] "GET /hardwood_flooring/pages/contact-us/hardwood_flooring_contact_us_m.htm HTTP/1.1" 200 21144 "-" "SeznamBot/3.0 (+http://fulltext.sblog.cz/)" "beavermade.net"
77.75.77.11 - - [16/Jun/2012:10:55:13 -0700] "GET /hardwood_flooring/pages/calander/hardwood_flooring_current-cal.htm HTTP/1.1" 200 18117 "-" "SeznamBot/3.0 (+http://fulltext.sblog.cz/)" "beavermade.net"
208.115.111.71 - - [16/Jun/2012:11:02:48 -0700] "GET /robots.txt HTTP/1.1" 404 89 "-" "Mozilla/5.0 (compatible; Ezooms/1.0; ezooms.bot@gmail.com)" "beavermade.net"
207.46.199.46 - - [16/Jun/2012:11:44:23 -0700] "GET /robots.txt HTTP/1.1" 404 89 "-" "Mozilla/5.0 (compatible; bingbot/2.0; +http://www.bing.com/bingbot.htm)" "beavermade.net"
207.46.199.46 - - [16/Jun/2012:11:47:35 -0700] "GET /sitemap.xml HTTP/1.1" 404 89 "-" "Mozilla/5.0 (compatible; bingbot/2.0; +http://www.bing.com/bingbot.htm)" "beavermade.net"
95.108.158.236 - - [16/Jun/2012:11:48:19 -0700] "GET /robots.txt HTTP/1.1" 404 89 "-" "Mozilla/5.0 (compatible; YandexImages/3.0; +http://yandex.com/bots)" "beavermade.net"
1.202.218.8 - - [16/Jun/2012:11:51:50 -0700] "GET /robots.txt HTTP/1.0" 404 73 "-" "\"Mozilla/5.0" "beavermade.net"
66.249.73.74 - - [16/Jun/2012:11:54:42 -0700] "GET /hardwood_flooring/pages/pic-gallery/2002/_derived/2002-pics.htm_cmp_papyrus010_hbtn.gif HTTP/1.1" 404 89 "-" "Googlebot-Image/1.0" "beavermade.net"
77.75.77.11 - - [16/Jun/2012:12:10:24 -0700] "GET /robots.txt HTTP/1.1" 404 89 "-" "SeznamBot/3.0 (+http://fulltext.sblog.cz/)" "beavermade.net"
77.75.77.11 - - [16/Jun/2012:12:10:25 -0700] "GET /hardwood_flooring/pages/calander/07/09-07.htm HTTP/1.1" 200 32154 "-" "SeznamBot/3.0 (+http://fulltext.sblog.cz/)" "beavermade.net"
77.75.77.11 - - [16/Jun/2012:12:10:27 -0700] "GET /hardwood_flooring/pages/calander/07/10-07.htm HTTP/1.1" 200 32526 "-" "SeznamBot/3.0 (+http://fulltext.sblog.cz/)" "beavermade.net"
77.75.77.11 - - [16/Jun/2012:12:10:28 -0700] "GET /hardwood_flooring/pages/calander/06/11-06.htm HTTP/1.1" 200 30568 "-" "SeznamBot/3.0 (+http://fulltext.sblog.cz/)" "beavermade.net"
208.115.111.71 - - [16/Jun/2012:12:10:42 -0700] "GET /hardwood_flooring/pages/calander/06/01-06.htm HTTP/1.1" 200 33216 "-" "Mozilla/5.0 (compatible; Ezooms/1.0; ezooms.bot@gmail.com)" "beavermade.net"
66.249.73.80 - - [16/Jun/2012:12:20:46 -0700] "GET /hardwood_flooring/pages/calander/11/_derived/_vti_cnf/11-05.htm_cmp_mdshapes010_hbtn_a.gif HTTP/1.1" 200 475 "-" "Googlebot-Image/1.0" "beavermade.net"
100.43.83.160 - - [16/Jun/2012:12:27:47 -0700] "GET /robots.txt HTTP/1.0" 404 73 "-" "Mozilla/5.0 (compatible; YandexBot/3.0; +http://yandex.com/bots)" "beavermade.net"
100.43.83.160 - - [16/Jun/2012:12:27:50 -0700] "GET /_overlay/ HTTP/1.1" 200 665 "-" "Mozilla/5.0 (compatible; YandexBot/3.0; +http://yandex.com/bots)" "beavermade.net"
65.52.108.66 - - [16/Jun/2012:12:44:54 -0700] "GET /flooring/pages/faqs/hardwood_flooring_faqs_m.htm HTTP/1.1" 200 11943 "-" "Mozilla/5.0 (compatible; bingbot/2.0; +http://www.bing.com/bingbot.htm)" "beavermade.net"
66.249.73.68 - - [16/Jun/2012:12:48:06 -0700] "GET /robots.txt HTTP/1.1" 404 89 "-" "Mozilla/5.0 (compatible; Googlebot/2.1; +http://www.google.com/bot.html)" "beavermade.net"
66.249.73.79 - - [16/Jun/2012:12:48:06 -0700] "GET /hardwood_flooring_sacramento/images/photogallery/gallery/2008/photo00030287/IM000700.jpg HTTP/1.1" 200 2470 "-" "Googlebot-Image/1.0" "beavermade.net"
66.249.73.78 - - [16/Jun/2012:13:08:54 -0700] "GET /hardwood_flooring/pages/references/feedback-letters_05/_derived/petermarie.htm_cmp_artsy010_hbtn.gif HTTP/1.1" 200 3108 "-" "Googlebot-Image/1.0" "beavermade.net"
208.115.111.71 - - [16/Jun/2012:13:14:33 -0700] "GET /robots.txt HTTP/1.1" 404 89 "-" "Mozilla/5.0 (compatible; Ezooms/1.0; ezooms.bot@gmail.com)" "beavermade.net"
213.186.122.3 - - [16/Jun/2012:13:15:04 -0700] "GET /_vti_bin/_vti_adm/?S=D HTTP/1.1" 200 557 "-" "Mozilla/5.0 (compatible; AhrefsBot/3.0; +http://ahrefs.com/robot/)" "beavermade.net"
213.186.119.137 - - [16/Jun/2012:13:18:48 -0700] "GET /_overlay/_notes/?S=D HTTP/1.1" 200 553 "-" "Mozilla/5.0 (compatible; AhrefsBot/3.0; +http://ahrefs.com/robot/)" "beavermade.net"
213.186.127.9 - - [16/Jun/2012:13:26:19 -0700] "GET /_overlay/_notes/?D=D HTTP/1.1" 200 553 "-" "Mozilla/5.0 (compatible; AhrefsBot/3.0; +http://ahrefs.com/robot/)" "beavermade.net"
213.186.119.140 - - [16/Jun/2012:13:33:49 -0700] "GET /_themes/?N=A HTTP/1.1" 200 2288 "-" "Mozilla/5.0 (compatible; AhrefsBot/3.0; +http://ahrefs.com/robot/)" "beavermade.net"
213.186.119.134 - - [16/Jun/2012:13:41:19 -0700] "GET /_borders/_vti_cnf/top.htm HTTP/1.1" 200 1150 "-" "Mozilla/5.0 (compatible; AhrefsBot/3.0; +http://ahrefs.com/robot/)" "beavermade.net"
208.115.111.71 - - [16/Jun/2012:13:46:30 -0700] "GET /robots.txt HTTP/1.1" 404 89 "-" "Mozilla/5.0 (compatible; Ezooms/1.0; ezooms.bot@gmail.com)" "beavermade.net"
212.113.37.106 - - [16/Jun/2012:13:48:49 -0700] "GET /_vti_bin/_vti_adm/?D=D HTTP/1.1" 200 557 "-" "Mozilla/5.0 (compatible; AhrefsBot/3.0; +http://ahrefs.com/robot/)" "beavermade.net"
213.186.119.137 - - [16/Jun/2012:13:56:19 -0700] "GET /_overlay/_notes/?M=D HTTP/1.1" 200 553 "-" "Mozilla/5.0 (compatible; AhrefsBot/3.0; +http://ahrefs.com/robot/)" "beavermade.net"
213.186.127.8 - - [16/Jun/2012:14:03:49 -0700] "GET /_vti_bin/_vti_adm/?M=D HTTP/1.1" 200 557 "-" "Mozilla/5.0 (compatible; AhrefsBot/3.0; +http://ahrefs.com/robot/)" "beavermade.net"
65.52.110.18 - - [16/Jun/2012:14:13:40 -0700] "GET /robots.txt HTTP/1.1" 404 89 "-" "Mozilla/5.0 (compatible; bingbot/2.0; +http://www.bing.com/bingbot.htm)" "beavermade.net"
66.249.73.71 - - [16/Jun/2012:14:36:45 -0700] "GET /hardwood_flooring/images/photogallery/feedback/ref04/sommerset%2004.jpg HTTP/1.1" 200 3465 "-" "Googlebot-Image/1.0" "beavermade.net"
77.75.77.11 - - [16/Jun/2012:14:42:10 -0700] "GET /robots.txt HTTP/1.1" 404 89 "-" "SeznamBot/3.0 (+http://fulltext.sblog.cz/)" "beavermade.net"
77.75.77.11 - - [16/Jun/2012:14:42:11 -0700] "GET /hardwood_flooring/pages/contact-us/privacy-policy.htm HTTP/1.1" 200 8723 "-" "SeznamBot/3.0 (+http://fulltext.sblog.cz/)" "beavermade.net"
65.52.110.18 - - [16/Jun/2012:14:51:30 -0700] "GET /pages/references/hardwood_flooring_references.htm HTTP/1.1" 404 89 "-" "Mozilla/5.0 (compatible; bingbot/2.0; +http://www.bing.com/bingbot.htm)" "beavermade.net"
208.115.111.71 - - [16/Jun/2012:14:55:19 -0700] "GET /hardwood_flooring/pages/calander/06/01-06.htm HTTP/1.1" 200 33216 "-" "Mozilla/5.0 (compatible; Ezooms/1.0; ezooms.bot@gmail.com)" "beavermade.net"
1.202.218.8 - - [16/Jun/2012:15:16:13 -0700] "GET /robots.txt HTTP/1.0" 404 73 "-" "\"Mozilla/5.0" "beavermade.net"
184.72.144.147 - - [16/Jun/2012:15:48:28 -0700] "GET / HTTP/1.0" 200 17070 "-" "linkdex.com/v2.0" "beavermade.net"
180.76.6.35 - - [16/Jun/2012:16:21:05 -0700] "GET /_private/dont_delete_backup/?M=D HTTP/1.1" 200 714 "-" "Mozilla/5.0 (compatible; Baiduspider/2.0; +http://www.baidu.com/search/spider.html)" "beavermade.net"
66.249.73.65 - - [16/Jun/2012:16:31:25 -0700] "GET /flooring/images/photogallery/feedback/ref03/03_large_pics/Don_harris_reference_letter_-cropped-big.JPG HTTP/1.1" 200 27162 "-" "Googlebot-Image/1.0" "beavermade.net"
202.46.51.42 - - [16/Jun/2012:16:32:54 -0700] "GET / HTTP/1.1" 200 17070 "-" "Mozilla/5.0 (Windows NT 5.1; rv:6.0.2) Gecko/20100101 Firefox/6.0.2" "beavermade.net"
202.46.54.121 - - [16/Jun/2012:16:32:54 -0700] "GET / HTTP/1.1" 200 17070 "-" "Mozilla/5.0 (Windows NT 5.1; rv:6.0.2) Gecko/20100101 Firefox/6.0.2" "www.beavermade.net"
77.75.77.11 - - [16/Jun/2012:16:37:59 -0700] "GET /robots.txt HTTP/1.1" 404 89 "-" "SeznamBot/3.0 (+http://fulltext.sblog.cz/)" "beavermade.net"
77.75.77.11 - - [16/Jun/2012:16:38:00 -0700] "GET /hardwood_flooring/pages/contact-us/privacy-policy.htm HTTP/1.1" 200 8723 "-" "SeznamBot/3.0 (+http://fulltext.sblog.cz/)" "beavermade.net"
79.119.150.96 - - [16/Jun/2012:17:03:01 -0700] "GET / HTTP/1.1" 200 17070 "-" "Mozilla/5.0 (Windows; U; Windows NT 6.1; en-US; rv:1.9.2.8) Gecko/20100722 Firefox/3.6.8" "beavermade.net"
66.249.73.27 - - [16/Jun/2012:17:09:19 -0700] "GET /hardwood_flooring/images/pic-gallery-complete/Work%20pics/2002/Install/bamboo-walnut_strip-06-03/RCA_0363.JPG HTTP/1.1" 200 431692 "-" "Googlebot-Image/1.0" "beavermade.net"
66.249.73.67 - - [16/Jun/2012:17:16:32 -0700] "GET /hardwood_flooring/images/pic-gallery-complete/Work%20pics/2002/Install/bamboo-walnut_strip-06-03/RCA_0360.JPG HTTP/1.1" 200 559435 "-" "Googlebot-Image/1.0" "beavermade.net"
208.115.111.71 - - [16/Jun/2012:17:18:37 -0700] "GET /robots.txt HTTP/1.1" 404 89 "-" "Mozilla/5.0 (compatible; Ezooms/1.0; ezooms.bot@gmail.com)" "beavermade.net"
66.249.73.25 - - [16/Jun/2012:17:25:01 -0700] "GET /hardwood_flooring/pages/calander/08/_overlay/08-08.htm_nav_canyon010_hbtn.gif HTTP/1.1" 200 172 "-" "Googlebot-Image/1.0" "beavermade.net"
66.249.73.67 - - [16/Jun/2012:17:28:17 -0700] "GET /hardwood_flooring/images/photogallery/gallery/2009-10-11/09-10-11-16/IMG0214.JPG HTTP/1.1" 200 2497 "-" "Googlebot-Image/1.0" "beavermade.net"
66.249.73.28 - - [16/Jun/2012:17:28:40 -0700] "GET /hardwood_flooring/images/photogallery/gallery/2009-10-11/09-10-11-16/IMG0217.JPG HTTP/1.1" 200 1601 "-" "Googlebot-Image/1.0" "beavermade.net"
66.249.73.80 - - [16/Jun/2012:17:46:45 -0700] "GET /hardwood_flooring/pages/calander/08/_derived/01-08.htm_cmp_canyon010_hbtn_p.gif HTTP/1.1" 200 312 "-" "Googlebot-Image/1.0" "beavermade.net"
208.115.111.71 - - [16/Jun/2012:17:53:24 -0700] "GET /robots.txt HTTP/1.1" 404 89 "-" "Mozilla/5.0 (compatible; Ezooms/1.0; ezooms.bot@gmail.com)" "beavermade.net"
173.212.158.2 - - [16/Jun/2012:17:58:27 -0700] "GET /hardwood_flooring/images/pic-gallery-complete/Work-pics/2004/zigzag/RCA_0167.JPG HTTP/1.1" 200 397613 "http://www.google.ca/search?hl=en&client=safari&tbo=d&biw=1024&bih=644&tbm=isch&sa=1&q=dark+maple+flooring&oq=dark+maple+flooring&aq=f&aqi=g1&aql=&gs_l=img.3..0.42686.45115.0.47191.5.5.0.0.0.0.274.961.0j4j1.5.0...0.0.m_JavnlNJo8" "Mozilla/5.0 (iPad; CPU OS 5_1_1 like Mac OS X) AppleWebKit/534.46 (KHTML, like Gecko) Version/5.1 Mobile/9B206 Safari/7534.48.3" "beavermade.net"
209.85.224.86 - - [16/Jun/2012:17:58:28 -0700] "GET /hardwood_flooring/index-bing.html HTTP/1.1" 200 20021 "http://www.google.com/search" "Mozilla/5.0 (X11; Linux x86_64) AppleWebKit/536.8 (KHTML, like Gecko; Google Web Preview) Chrome/19.0.1084.36 Safari/536.8" "beavermade.net"
209.85.224.99 - - [16/Jun/2012:17:58:28 -0700] "GET /hardwood_flooring/images/pic-gallery-complete/Work-pics/2004/zigzag/RCA_0167.JPG HTTP/1.1" 200 397613 "http://beavermade.net/hardwood_flooring/index-bing.html" "Mozilla/5.0 (X11; Linux x86_64) AppleWebKit/536.8 (KHTML, like Gecko; Google Web Preview) Chrome/19.0.1084.36 Safari/536.8" "beavermade.net"
209.85.224.93 - - [16/Jun/2012:17:58:28 -0700] "GET /hardwood_flooring/_borders/GIF-beavermade.gif HTTP/1.1" 200 153628 "http://beavermade.net/hardwood_flooring/index-bing.html" "Mozilla/5.0 (X11; Linux x86_64) AppleWebKit/536.8 (KHTML, like Gecko; Google Web Preview) Chrome/19.0.1084.36 Safari/536.8" "beavermade.net"
209.85.224.89 - - [16/Jun/2012:17:58:28 -0700] "GET /hardwood_flooring/images/install-jobs/WO-star-design/WO-star-design-05.jpg HTTP/1.1" 200 40871 "http://beavermade.net/hardwood_flooring/index-bing.html" "Mozilla/5.0 (X11; Linux x86_64) AppleWebKit/536.8 (KHTML, like Gecko; Google Web Preview) Chrome/19.0.1084.36 Safari/536.8" "beavermade.net"
209.85.224.98 - - [16/Jun/2012:17:58:28 -0700] "GET /hardwood_flooring/images/install-jobs/bc-design/bc-design05.jpg HTTP/1.1" 200 28869 "http://beavermade.net/hardwood_flooring/index-bing.html" "Mozilla/5.0 (X11; Linux x86_64) AppleWebKit/536.8 (KHTML, like Gecko; Google Web Preview) Chrome/19.0.1084.36 Safari/536.8" "beavermade.net"
209.85.224.94 - - [16/Jun/2012:17:58:28 -0700] "GET /hardwood_flooring/images/install-jobs/bc-design/bc-design04.jpg HTTP/1.1" 200 31349 "http://beavermade.net/hardwood_flooring/index-bing.html" "Mozilla/5.0 (X11; Linux x86_64) AppleWebKit/536.8 (KHTML, like Gecko; Google Web Preview) Chrome/19.0.1084.36 Safari/536.8" "beavermade.net"
208.115.111.71 - - [16/Jun/2012:19:00:04 -0700] "GET /hardwood_flooring/pages/calander/06/01-06.htm HTTP/1.1" 200 33216 "-" "Mozilla/5.0 (compatible; Ezooms/1.0; ezooms.bot@gmail.com)" "beavermade.net"
1.202.218.8 - - [16/Jun/2012:19:01:33 -0700] "GET /robots.txt HTTP/1.0" 404 73 "-" "\"Mozilla/5.0" "beavermade.net"
66.249.73.80 - - [16/Jun/2012:19:15:19 -0700] "GET /hardwood_flooring/images/pic-gallery-complete/Work%20pics/2010-2011/IMG_0461.jpg HTTP/1.1" 200 608026 "-" "Googlebot-Image/1.0" "beavermade.net"
66.249.73.76 - - [16/Jun/2012:19:16:10 -0700] "GET /hardwood_flooring/images/photogallery/gallery/2009-10-11/09-10-11-14/3-3-09%20103.jpg HTTP/1.1" 200 1941 "-" "Googlebot-Image/1.0" "beavermade.net"
66.249.73.27 - - [16/Jun/2012:19:17:54 -0700] "GET /hardwood_flooring/images/pic-gallery-complete/Work%20pics/2010-2011/IMG_0450.jpg HTTP/1.1" 200 558820 "-" "Googlebot-Image/1.0" "beavermade.net"
66.249.73.28 - - [16/Jun/2012:19:21:06 -0700] "GET /hardwood_flooring/images/photogallery/gallery/2009-10-11/09-10-11%2013/08-15-05_1333.jpg HTTP/1.1" 404 89 "-" "Googlebot-Image/1.0" "beavermade.net"
66.249.73.76 - - [16/Jun/2012:19:22:06 -0700] "GET /hardwood_flooring/images/photogallery/gallery/2009-10-11/09-10-11-03/photo00031416/5-9-11%20075.jpg HTTP/1.1" 200 2370 "-" "Googlebot-Image/1.0" "beavermade.net"
66.249.73.25 - - [16/Jun/2012:19:37:59 -0700] "GET /hardwood_flooring/images/photogallery/gallery/2008/photo00030287/IM000714.jpg HTTP/1.1" 200 3079 "-" "Googlebot-Image/1.0" "beavermade.net"
180.76.5.165 - - [16/Jun/2012:19:40:50 -0700] "GET /flooring/pages/contact-us/hardwood_flooring_contact_us_m.htm HTTP/1.1" 200 11928 "-" "Mozilla/5.0 (compatible; Baiduspider/2.0; +http://www.baidu.com/search/spider.html)" "www.beavermade.net"
180.76.5.158 - - [16/Jun/2012:19:44:17 -0700] "GET /flooring/pages/pic-gallery/hardwood_flooring_picture_gallery.htm HTTP/1.1" 200 4793 "-" "Mozilla/5.0 (compatible; Baiduspider/2.0; +http://www.baidu.com/search/spider.html)" "www.beavermade.net"
66.249.73.67 - - [16/Jun/2012:20:43:32 -0700] "GET /hardwood/pages/pic-gallery/_derived/hardwood_flooring_picture_gallery.htm_cmp_bars010_hbtn.gif HTTP/1.1" 404 89 "-" "Googlebot-Image/1.0" "beavermade.net"
66.249.73.80 - - [16/Jun/2012:20:43:55 -0700] "GET /hardwood/images/photogallery/feedback/ref%2004/04%20large%20pics/kent.jpg HTTP/1.1" 404 89 "-" "Googlebot-Image/1.0" "beavermade.net"
123.125.71.25 - - [16/Jun/2012:20:45:19 -0700] "GET /images/3.jpg HTTP/1.1" 404 89 "-" "Baiduspider-image+(+http://www.baidu.com/search/spider.htm)" "www.beavermade.net"
123.125.71.92 - - [16/Jun/2012:20:56:06 -0700] "GET /images/header.jpg HTTP/1.1" 404 89 "-" "Baiduspider-image+(+http://www.baidu.com/search/spider.htm)" "www.beavermade.net"
208.115.111.71 - - [16/Jun/2012:21:26:16 -0700] "GET /robots.txt HTTP/1.1" 404 89 "-" "Mozilla/5.0 (compatible; Ezooms/1.0; ezooms.bot@gmail.com)" "beavermade.net"
65.52.110.18 - - [16/Jun/2012:21:26:41 -0700] "GET /robots.txt HTTP/1.1" 404 89 "-" "Mozilla/5.0 (compatible; bingbot/2.0; +http://www.bing.com/bingbot.htm)" "beavermade.net"
66.249.73.74 - - [16/Jun/2012:21:32:07 -0700] "GET /hardwood_flooring/pages/calander/04/_derived/02-04.htm_cmp_cypress010_hbtn.gif HTTP/1.1" 200 911 "-" "Googlebot-Image/1.0" "beavermade.net"
65.52.110.18 - - [16/Jun/2012:21:41:07 -0700] "GET /_borders/ HTTP/1.1" 200 1205 "-" "Mozilla/5.0 (compatible; bingbot/2.0; +http://www.bing.com/bingbot.htm)" "beavermade.net"
66.249.73.26 - - [16/Jun/2012:21:44:26 -0700] "GET /hardwood_flooring/images/pic-gallery-complete/Work%20pics/2010-2011/IMG_0404.jpg HTTP/1.1" 200 542953 "-" "Googlebot-Image/1.0" "beavermade.net"
66.249.73.67 - - [16/Jun/2012:22:15:05 -0700] "GET /hardwood_flooring/images/photogallery/gallery/2009-10-11/09-10-11-11/x5-24-10%20004.jpg HTTP/1.1" 200 1771 "-" "Googlebot-Image/1.0" "beavermade.net"
208.115.111.71 - - [16/Jun/2012:22:33:27 -0700] "GET /hardwood_flooring/pages/calander/06/01-06.htm HTTP/1.1" 200 33216 "-" "Mozilla/5.0 (compatible; Ezooms/1.0; ezooms.bot@gmail.com)" "beavermade.net"
66.249.73.25 - - [16/Jun/2012:22:38:21 -0700] "GET /flooring/pages/references/feedback-letters_04/_derived/04_references_04.htm_cmp_cypress010_hbtn.gif HTTP/1.1" 200 904 "-" "Googlebot-Image/1.0" "beavermade.net"
1.202.218.8 - - [16/Jun/2012:22:49:15 -0700] "GET /robots.txt HTTP/1.0" 404 73 "-" "\"Mozilla/5.0" "beavermade.net"
66.249.73.76 - - [16/Jun/2012:23:00:35 -0700] "GET /flooring/pages/calander/09/_derived/09-09.htm_cmp_technolo010_hbtn_a.gif HTTP/1.1" 200 849 "-" "Googlebot-Image/1.0" "beavermade.net"
208.115.111.71 - - [16/Jun/2012:23:25:49 -0700] "GET /robots.txt HTTP/1.1" 404 89 "-" "Mozilla/5.0 (compatible; Ezooms/1.0; ezooms.bot@gmail.com)" "beavermade.net"
66.249.73.68 - - [16/Jun/2012:23:26:50 -0700] "GET /flooring/images/pic-gallery-complete/Work%20pics/2003/bc%20jon%20in%20folsom/IMG0107.JPG HTTP/1.1" 200 81496 "-" "Googlebot-Image/1.0" "beavermade.net"
180.76.5.59 - - [16/Jun/2012:23:44:14 -0700] "GET /flooring/variant-mini.css HTTP/1.1" 200 2133 "-" "Mozilla/5.0 (compatible; Baiduspider/2.0; +http://www.baidu.com/search/spider.html)" "www.beavermade.net"
66.249.73.76 - - [16/Jun/2012:23:57:21 -0700] "GET /flooring/pages/faqs/_derived/hardwood_flooring_faqs_m.htm_cmp_edge010_hbtn_a.gif HTTP/1.1" 200 190 "-" "Googlebot-Image/1.0" "beavermade.net"
66.249.73.74 - - [17/Jun/2012:00:33:31 -0700] "GET /hardwood/pages/references/feedback-letters_03/_derived/references_03.htm_cmp_cypress010_hbtn.gif HTTP/1.1" 404 89 "-" "Googlebot-Image/1.0" "beavermade.net"
208.115.111.71 - - [17/Jun/2012:00:36:14 -0700] "GET /hardwood_flooring/pages/calander/06/01-06.htm HTTP/1.1" 200 33216 "-" "Mozilla/5.0 (compatible; Ezooms/1.0; ezooms.bot@gmail.com)" "beavermade.net"
66.249.73.26 - - [17/Jun/2012:00:43:02 -0700] "GET /hardwood_flooring_sacramento/images/pic-gallery-complete/Work-pics/2008/IM000706.jpg HTTP/1.1" 200 705120 "-" "Googlebot-Image/1.0" "beavermade.net"
100.43.83.160 - - [17/Jun/2012:01:05:50 -0700] "GET /hardwood_flooring_sacramento/pages/contact-us/privacy-policy.htm HTTP/1.1" 200 8723 "-" "Mozilla/5.0 (compatible; YandexBot/3.0; +http://yandex.com/bots)" "beavermade.net"
66.249.73.68 - - [17/Jun/2012:01:28:10 -0700] "GET /robots.txt HTTP/1.1" 404 89 "-" "Mozilla/5.0 (compatible; Googlebot/2.1; +http://www.google.com/bot.html)" "beavermade.net"
77.75.77.11 - - [17/Jun/2012:01:40:22 -0700] "GET /robots.txt HTTP/1.1" 404 89 "-" "SeznamBot/3.0 (+http://fulltext.sblog.cz/)" "beavermade.net"
77.75.77.11 - - [17/Jun/2012:01:40:25 -0700] "GET /hardwood_flooring/pages/calander/12/12-05.htm HTTP/1.1" 200 31034 "-" "SeznamBot/3.0 (+http://fulltext.sblog.cz/)" "beavermade.net"
1.202.218.8 - - [17/Jun/2012:02:23:52 -0700] "GET /robots.txt HTTP/1.0" 404 73 "-" "\"Mozilla/5.0" "beavermade.net"
95.108.158.236 - - [17/Jun/2012:02:34:14 -0700] "GET /hardwood/images/references/feedback_pages/hensley%20feedbac%20600x800k.jpg HTTP/1.1" 404 89 "-" "Mozilla/5.0 (compatible; YandexImages/3.0; +http://yandex.com/bots)" "beavermade.net"
66.249.73.77 - - [17/Jun/2012:02:36:25 -0700] "GET /hardwood/images/references/qualifications/citrus%20heights%20lic.jpg HTTP/1.1" 404 89 "-" "Googlebot-Image/1.0" "beavermade.net"
66.249.67.234 - - [17/Jun/2012:02:38:17 -0700] "GET /hardwood_flooring_sacramento/images/photogallery/gallery/2003/photo2003/RCA_0017.JPG HTTP/1.1" 200 2808 "-" "Googlebot-Image/1.0" "beavermade.net"
66.249.73.68 - - [17/Jun/2012:02:57:17 -0700] "GET /hardwood_flooring/images/photogallery/feedback/ref03/03_large_pics/kim_feedback_form_500x650.jpg HTTP/1.1" 200 39954 "-" "Googlebot-Image/1.0" "beavermade.net"
208.115.111.71 - - [17/Jun/2012:02:57:43 -0700] "GET /robots.txt HTTP/1.1" 404 89 "-" "Mozilla/5.0 (compatible; Ezooms/1.0; ezooms.bot@gmail.com)" "beavermade.net"
66.249.73.28 - - [17/Jun/2012:02:58:13 -0700] "GET /hardwood_flooring_sacramento/images/photogallery/gallery/2005/photo2005/IM000026.JPG HTTP/1.1" 200 2462 "-" "Googlebot-Image/1.0" "beavermade.net"
66.249.73.78 - - [17/Jun/2012:03:07:15 -0700] "GET /hardwood_flooring/pages/pic-gallery/2009/_derived/2009_pics.htm_cmp_piechart010_hbtn_a.gif HTTP/1.1" 404 89 "-" "Googlebot-Image/1.0" "beavermade.net"
66.249.73.79 - - [17/Jun/2012:03:08:04 -0700] "GET /hardwood/images/photogallery/feedback/ref%2007/ref%20tim%2007/large_images/0-30-07%20161.jpg HTTP/1.1" 404 89 "-" "Googlebot-Image/1.0" "beavermade.net"
66.249.73.78 - - [17/Jun/2012:03:14:59 -0700] "GET /flooring/pages/calander/_derived/hardwood_flooring_current-cal.htm_cmp_artsy010_hbtn.gif HTTP/1.1" 200 3135 "-" "Googlebot-Image/1.0" "beavermade.net"
208.115.111.71 - - [17/Jun/2012:04:03:07 -0700] "GET /hardwood_flooring/pages/calander/06/01-06.htm HTTP/1.1" 200 33216 "-" "Mozilla/5.0 (compatible; Ezooms/1.0; ezooms.bot@gmail.com)" "beavermade.net"
180.76.5.171 - - [17/Jun/2012:04:08:59 -0700] "GET /hardwood_flooring/pages/faqs/hardwood_flooring_faqs_m.htm HTTP/1.1" 200 23177 "-" "Mozilla/5.0 (compatible; Baiduspider/2.0; +http://www.baidu.com/search/spider.html)" "www.beavermade.net"
207.46.204.177 - - [17/Jun/2012:04:52:54 -0700] "GET /robots.txt HTTP/1.1" 404 89 "-" "Mozilla/5.0 (compatible; bingbot/2.0; +http://www.bing.com/bingbot.htm)" "beavermade.net"
207.46.204.177 - - [17/Jun/2012:05:01:39 -0700] "GET / HTTP/1.1" 200 17070 "-" "Mozilla/5.0 (compatible; bingbot/2.0; +http://www.bing.com/bingbot.htm)" "beavermade.net"
66.249.73.26 - - [17/Jun/2012:05:03:10 -0700] "GET /flooring/images/photogallery/gallery/2006/photo2006/IM000177.JPG HTTP/1.1" 200 2240 "-" "Googlebot-Image/1.0" "beavermade.net"
66.249.73.28 - - [17/Jun/2012:05:10:39 -0700] "GET /flooring/images/pic-gallery-complete/Work%20pics/2004/04/IMG0220.JPG HTTP/1.1" 200 99789 "-" "Googlebot-Image/1.0" "beavermade.net"
66.249.73.72 - - [17/Jun/2012:05:17:20 -0700] "GET /flooring/pages/faqs/_derived/_vti_cnf/hardwood_flooring_faqs_m.htm_cmp_layers010_hbtn.gif HTTP/1.1" 200 236 "-" "Googlebot-Image/1.0" "beavermade.net"
66.249.73.67 - - [17/Jun/2012:05:18:36 -0700] "GET /hardwood_flooring/pages/calander/08/_derived/11-08.htm_cmp_canyon010_hbtn.gif HTTP/1.1" 200 328 "-" "Googlebot-Image/1.0" "beavermade.net"
66.249.73.71 - - [17/Jun/2012:05:27:00 -0700] "GET /flooring/images/photogallery/feedback/ref04/04_large_pics/dennis%20hinds.jpg HTTP/1.1" 200 1188373 "-" "Googlebot-Image/1.0" "beavermade.net"
100.43.83.160 - - [17/Jun/2012:05:46:48 -0700] "GET /tmp/ HTTP/1.1" 200 520 "-" "Mozilla/5.0 (compatible; YandexBot/3.0; +http://yandex.com/bots)" "beavermade.net"
180.76.5.103 - - [17/Jun/2012:05:51:50 -0700] "GET /_vti_log/?S=A HTTP/1.1" 200 530 "-" "Mozilla/5.0 (compatible; Baiduspider/2.0; +http://www.baidu.com/search/spider.html)" "beavermade.net"
1.202.218.8 - - [17/Jun/2012:05:52:49 -0700] "GET /robots.txt HTTP/1.0" 404 73 "-" "\"Mozilla/5.0" "beavermade.net"
184.151.222.138 - - [17/Jun/2012:05:56:40 -0700] "GET /hardwood_flooring/images/untitled1.jpg HTTP/1.1" 200 26286 "-" "Mozilla/5.0 (iPhone; CPU iPhone OS 5_0_1 like Mac OS X) AppleWebKit/534.46 (KHTML, like Gecko) Version/5.1 Mobile/9A405 Safari/7534.48.3" "beavermade.net"
180.76.5.90 - - [17/Jun/2012:05:58:41 -0700] "GET /_vti_bin/_vti_adm/?D=D HTTP/1.1" 200 557 "-" "Mozilla/5.0 (compatible; Baiduspider/2.0; +http://www.baidu.com/search/spider.html)" "beavermade.net"
180.76.5.140 - - [17/Jun/2012:06:04:02 -0700] "GET /_borders/_vti_cnf/?D=A HTTP/1.1" 200 1095 "-" "Mozilla/5.0 (compatible; Baiduspider/2.0; +http://www.baidu.com/search/spider.html)" "www.beavermade.net"
66.249.73.68 - - [17/Jun/2012:06:22:40 -0700] "GET /flooring/pages/misc-pages/08-12-05_1806-resised_small.jpg HTTP/1.1" 200 10590 "-" "Googlebot-Image/1.0" "beavermade.net"
66.249.73.67 - - [17/Jun/2012:06:23:51 -0700] "GET /hardwood_flooring_sacramento/images/pic-gallery-complete/Work%20pics/2007/11-06-07/0-30-07%20153.jpg HTTP/1.1" 404 89 "-" "Googlebot-Image/1.0" "beavermade.net"
66.249.73.70 - - [17/Jun/2012:06:25:25 -0700] "GET /hardwood_flooring_sacramento/images/pic-gallery-complete/Work%20pics/2002/Install/job2-Tom/job-%202v.JPG HTTP/1.1" 404 89 "-" "Googlebot-Image/1.0" "beavermade.net"
208.115.111.71 - - [17/Jun/2012:06:30:37 -0700] "GET /robots.txt HTTP/1.1" 404 89 "-" "Mozilla/5.0 (compatible; Ezooms/1.0; ezooms.bot@gmail.com)" "beavermade.net"
66.249.73.79 - - [17/Jun/2012:06:42:17 -0700] "GET /flooring/pages/pic-gallery/_derived/hardwood_flooring_picture_gallery.htm_cmp_leaves010_hbtn.gif HTTP/1.1" 200 1420 "-" "Googlebot-Image/1.0" "beavermade.net"
66.249.73.25 - - [17/Jun/2012:06:47:08 -0700] "GET /hardwood_flooring/pages/calander/11/_derived/_vti_cnf/cal-11.htm_cmp_mdshapes010_bnr.gif HTTP/1.1" 200 475 "-" "Googlebot-Image/1.0" "beavermade.net"
66.249.73.74 - - [17/Jun/2012:06:56:05 -0700] "GET /hardwood_flooring_sacramento/images/photogallery/feedback/ref09/JR%20592.jpg HTTP/1.1" 404 89 "-" "Googlebot-Image/1.0" "beavermade.net"
208.115.111.71 - - [17/Jun/2012:07:40:57 -0700] "GET /hardwood_flooring/pages/calander/06/01-06.htm HTTP/1.1" 200 33216 "-" "Mozilla/5.0 (compatible; Ezooms/1.0; ezooms.bot@gmail.com)" "beavermade.net"
207.46.204.181 - - [17/Jun/2012:08:53:40 -0700] "GET /robots.txt HTTP/1.1" 404 89 "-" "Mozilla/5.0 (compatible; bingbot/2.0; +http://www.bing.com/bingbot.htm)" "beavermade.net"
100.43.83.160 - - [17/Jun/2012:08:54:58 -0700] "GET /hardwood/pages/references/feedback-letters_04/04_suzane.htm HTTP/1.1" 404 89 "-" "Mozilla/5.0 (compatible; YandexBot/3.0; +http://yandex.com/bots)" "beavermade.net"
184.151.222.138 - - [17/Jun/2012:09:09:35 -0700] "GET /hardwood_flooring/images/untitled1.jpg HTTP/1.1" 200 26286 "-" "Mozilla/5.0 (iPhone; CPU iPhone OS 5_0_1 like Mac OS X) AppleWebKit/534.46 (KHTML, like Gecko) Version/5.1 Mobile/9A405 Safari/7534.48.3" "beavermade.net"
207.46.204.181 - - [17/Jun/2012:09:30:29 -0700] "GET /pages/pic-gallery/hardwood_flooring_picture_gallery.htm HTTP/1.1" 404 89 "-" "Mozilla/5.0 (compatible; bingbot/2.0; +http://www.bing.com/bingbot.htm)" "beavermade.net"
66.249.73.26 - - [17/Jun/2012:09:52:21 -0700] "GET /hardwood_flooring/images/photogallery/gallery/2009-10-11/09-10-11-01/photo00008770/3-3-09%20092.jpg HTTP/1.1" 200 2185 "-" "Googlebot-Image/1.0" "beavermade.net"
66.249.73.70 - - [17/Jun/2012:09:56:07 -0700] "GET /hardwood_flooring/pages/calander/03/_derived/cal-03.htm_cmp_cypress010_hbtn_a.gif HTTP/1.1" 200 1684 "-" "Googlebot-Image/1.0" "beavermade.net"
209.85.238.11 - - [17/Jun/2012:09:57:31 -0700] "GET / HTTP/1.1" 200 17070 "-" "AdsBot-Google (+http://www.google.com/adsbot.html)" "beavermade.net"
209.85.238.11 - - [17/Jun/2012:09:57:35 -0700] "GET / HTTP/1.1" 200 17070 "-" "AdsBot-Google-Mobile (+http://www.google.com/mobile/adsbot.html) Mozilla (iPhone; U; CPU iPhone OS 3 0 like Mac OS X) AppleWebKit (KHTML, like Gecko) Mobile Safari" "beavermade.net"
208.115.111.71 - - [17/Jun/2012:10:01:47 -0700] "GET /robots.txt HTTP/1.1" 404 89 "-" "Mozilla/5.0 (compatible; Ezooms/1.0; ezooms.bot@gmail.com)" "beavermade.net"
66.249.73.67 - - [17/Jun/2012:10:10:33 -0700] "GET /hardwood_flooring/images/references/feedback_pages/boxer.jpg HTTP/1.1" 200 294792 "-" "Googlebot-Image/1.0" "beavermade.net"
220.181.108.103 - - [17/Jun/2012:10:19:58 -0700] "GET /images/untitled.jpg HTTP/1.1" 404 89 "-" "Baiduspider-image+(+http://www.baidu.com/search/spider.htm)" "www.beavermade.net"
123.125.71.82 - - [17/Jun/2012:10:30:45 -0700] "GET /images/misc-pages/logos/beaver_bandw_sharpened_small.jpg HTTP/1.1" 404 89 "-" "Baiduspider-image+(+http://www.baidu.com/search/spider.htm)" "www.beavermade.net"
66.249.73.73 - - [17/Jun/2012:10:34:17 -0700] "GET /hardwood_flooring/images/photogallery/feedback/ref08/thompson2.jpg HTTP/1.1" 200 3544 "-" "Googlebot-Image/1.0" "beavermade.net"
220.181.108.119 - - [17/Jun/2012:10:41:32 -0700] "GET /images/6.jpg HTTP/1.1" 404 89 "-" "Baiduspider-image+(+http://www.baidu.com/search/spider.htm)" "www.beavermade.net"
208.115.111.71 - - [17/Jun/2012:10:43:04 -0700] "GET /robots.txt HTTP/1.1" 404 89 "-" "Mozilla/5.0 (compatible; Ezooms/1.0; ezooms.bot@gmail.com)" "beavermade.net"
207.46.194.128 - - [17/Jun/2012:11:38:16 -0700] "GET /robots.txt HTTP/1.1" 404 89 "-" "msnbot-media/1.1 (+http://search.msn.com/msnbot.htm)" "beavermade.net"
207.46.194.128 - - [17/Jun/2012:11:38:16 -0700] "GET /hardwood_flooring/images/references/feedback_pages/McBean.jpg HTTP/1.1" 200 652363 "-" "msnbot-media/1.1 (+http://search.msn.com/msnbot.htm)" "beavermade.net"
207.46.194.128 - - [17/Jun/2012:11:38:17 -0700] "GET /hardwood_flooring/pages/references/hardwood_flooring_references.htm HTTP/1.1" 200 139211 "-" "msnbot-media/1.1 (+http://search.msn.com/msnbot.htm)" "beavermade.net"
