199.21.99.72 - - [05/Jan/2012:17:44:38 -0800] "GET / HTTP/1.1" 200 3706 "-" "Mozilla/5.0 (compatible; YandexBot/3.0; +http://yandex.com/bots)" "beavermade.net"
208.80.194.28 - - [05/Jan/2012:17:57:16 -0800] "GET /flooring/index_files/image001.jpg HTTP/1.0" 200 18294 "-" "Mozilla/4.0 (compatible; MSIE 6.0; AOL 8.0; Windows 98; .NET CLR 1.1.4322)" "beavermade.net"
208.80.194.26 - - [05/Jan/2012:18:03:07 -0800] "GET /flooring/ HTTP/1.0" 200 15517 "-" "Mozilla/4.0 (compatible; MSIE 7.0; Windows NT 5.1; {F310C958-7DBF-4181-8F5F-27714770E177}; acc=; acc=none; (none); .NET CLR 1.1.4322)" "beavermade.net"
208.115.111.67 - - [05/Jan/2012:18:06:47 -0800] "GET /hardwood_flooring//robots.txt HTTP/1.1" 404 89 "-" "Mozilla/5.0 (compatible; Ezooms/1.0; ezooms.bot@gmail.com)" "beavermade.net"
208.80.194.32 - - [05/Jan/2012:18:21:07 -0800] "GET /flooring/pages/pic-gallery/hardwood_flooring_picture_gallery.htm HTTP/1.0" 200 4793 "-" "Mozilla/4.0 (compatible; MSIE 7.0; America Online Browser 1.1; rev1.2; Windows NT 5.1; FunWebProducts; .NET CLR 1.0.3705; .NET CLR 1.1.4322; Media Center PC 4.0; IEMB3; IEMB3)" "beavermade.net"
208.80.194.32 - - [05/Jan/2012:18:21:34 -0800] "GET /flooring/pages/contact-us/hardwood_flooring_contact_us_m.htm HTTP/1.0" 200 11928 "-" "Mozilla/4.0 (compatible; MSIE 7.0; Windows NT 5.1; .NET CLR 1.0.3705; .NET CLR 1.1.4322; Media Center PC 4.0; .NET CLR 2.0.50727; InfoPath.1; Media Center PC 3.0; .NET CLR 3.0.04506.30)" "beavermade.net"
208.80.194.26 - - [05/Jan/2012:18:27:47 -0800] "GET /flooring/pages/calander/hardwood_flooring_current-cal.htm HTTP/1.0" 200 2968 "-" "Mozilla/4.0 (compatible; MSIE 7.0; Windows NT 5.1; YComp 5.0.0.0; YPC 3.2.0; .NET CLR 1.0.3705; .NET CLR 1.1.4322; Media Center PC 3.1; ZangoToolbar 4.8.3; IEMB3; yplus 5.1.04b)" "beavermade.net"
88.214.193.166 - - [05/Jan/2012:18:31:53 -0800] "GET / HTTP/1.1" 200 3706 "http://www.whorush.com/search/?q=beavermade.net" "Mozilla/4.0 (compatible; MSIE 7.0; Windows NT 5.1; SIMBAR={831A680A-F564-4136-9929-2673BD1514DD}; GTB5; MRA 5.0 (build 02094); MRSPUTNIK 2, 0, 0, 20 SW; MRSPUTNIK 2, 0, 0, 20 SW; .NET CLR 2.0.50727; InfoPath.1; .NET CLR 1.1.4322)" "beavermade.net"
208.80.194.32 - - [05/Jan/2012:18:35:11 -0800] "GET /backup2/images/videos/slidshow2_NEW.swf HTTP/1.0" 404 73 "-" "Mozilla/4.0 (compatible; MSIE 6.0; Windows NT 5.1; SV1; .NET CLR 2.0.50727; MEGAUPLOAD 1.0; .NET CLR 1.1.4322)" "beavermade.net"
208.115.113.87 - - [05/Jan/2012:18:38:11 -0800] "GET /hardwood_flooring/pages/calander/09/06-09.htm HTTP/1.1" 200 28354 "-" "Mozilla/5.0 (compatible; Ezooms/1.0; ezooms.bot@gmail.com)" "beavermade.net"
66.249.71.115 - - [05/Jan/2012:18:39:43 -0800] "GET /robots.txt HTTP/1.1" 404 89 "-" "Mozilla/5.0 (compatible; Googlebot/2.1; +http://www.google.com/bot.html)" "beavermade.net"
66.249.71.1 - - [05/Jan/2012:18:39:43 -0800] "GET /hardwood_flooring/images/photogallery/photo00025645/smith%20553.jpg HTTP/1.1" 200 3296 "-" "Googlebot-Image/1.0" "beavermade.net"
66.115.84.80 - - [05/Jan/2012:19:11:27 -0800] "GET /hardwood_flooring/images/pic-gallery-complete/Work-pics/2004/zigzag/RCA_0167.JPG HTTP/1.1" 200 397613 "http://www.google.com/search?q=hardwood+flooring+types&oe=UTF-8&hl=en&client=safari&um=1&ie=UTF-8&tbm=isch&source=og&sa=N&tab=wi&ei=yWUGT7GILMWDsgLoxeiQCg&biw=1024&bih=690&sei=y2UGT8KvNuj1sQKb79GQCg" "Mozilla/5.0 (iPad; U; CPU OS 4_3_3 like Mac OS X; en-us) AppleWebKit/533.17.9 (KHTML, like Gecko) Version/5.0.2 Mobile/8J2 Safari/6533.18.5" "beavermade.net"
123.125.67.214 - - [05/Jan/2012:20:11:58 -0800] "GET / HTTP/1.1" 200 3706 "-" "Mozilla/5.0 (Windows NT 5.1; rv:6.0.2) Gecko/20100101 Firefox/6.0.2" "beavermade.net"
123.125.67.146 - - [05/Jan/2012:20:11:58 -0800] "GET / HTTP/1.1" 200 3706 "-" "Mozilla/5.0 (Windows NT 5.1; rv:6.0.2) Gecko/20100101 Firefox/6.0.2" "www.beavermade.net"
199.21.99.72 - - [05/Jan/2012:21:57:18 -0800] "GET /logs/access_111212.log HTTP/1.1" 200 458752 "-" "Mozilla/5.0 (compatible; YandexBot/3.0; +http://yandex.com/bots)" "beavermade.net"
69.58.178.59 - - [05/Jan/2012:22:04:37 -0800] "GET /robots.txt HTTP/1.1" 404 89 "-" "Mozilla/5.0 (X11; U; Linux i686; en-US; rv:1.9.1.3; ips-agent) Gecko/20090824 Fedora/1.0.7-1.1.fc4  Firefox/3.5.3" "www.beavermade.net"
69.58.178.59 - - [05/Jan/2012:22:04:38 -0800] "GET / HTTP/1.1" 200 3706 "-" "Mozilla/5.0 (X11; U; Linux i686; en-US; rv:1.9.1.3; ips-agent) Gecko/20090824 Fedora/1.0.7-1.1.fc4  Firefox/3.5.3" "www.beavermade.net"
208.115.113.87 - - [05/Jan/2012:22:06:00 -0800] "GET /robots.txt HTTP/1.1" 404 89 "-" "Mozilla/5.0 (compatible; Ezooms/1.0; ezooms.bot@gmail.com)" "beavermade.net"
69.58.178.59 - - [05/Jan/2012:22:07:04 -0800] "GET / HTTP/1.1" 200 3706 "-" "BlackBerry9000/4.6.0.167 Profile/MIDP-2.0 Configuration/CLDC-1.1 VendorID/102 ips-agent" "www.beavermade.net"
69.58.178.59 - - [05/Jan/2012:22:07:06 -0800] "GET /?N=D HTTP/1.1" 200 3706 "-" "Mozilla/5.0 (X11; U; Linux i686; en-US; rv:1.9.1.3; ips-agent) Gecko/20090824 Fedora/1.0.7-1.1.fc4  Firefox/3.5.3" "www.beavermade.net"
69.58.178.59 - - [05/Jan/2012:22:07:07 -0800] "GET /?M=A HTTP/1.1" 200 3706 "-" "Mozilla/5.0 (X11; U; Linux i686; en-US; rv:1.9.1.3; ips-agent) Gecko/20090824 Fedora/1.0.7-1.1.fc4  Firefox/3.5.3" "www.beavermade.net"
69.58.178.59 - - [05/Jan/2012:22:07:08 -0800] "GET /?S=A HTTP/1.1" 200 3706 "-" "Mozilla/5.0 (X11; U; Linux i686; en-US; rv:1.9.1.3; ips-agent) Gecko/20090824 Fedora/1.0.7-1.1.fc4  Firefox/3.5.3" "www.beavermade.net"
69.58.178.59 - - [05/Jan/2012:22:07:09 -0800] "GET /?D=A HTTP/1.1" 200 3706 "-" "Mozilla/5.0 (X11; U; Linux i686; en-US; rv:1.9.1.3; ips-agent) Gecko/20090824 Fedora/1.0.7-1.1.fc4  Firefox/3.5.3" "www.beavermade.net"
69.58.178.59 - - [05/Jan/2012:22:07:11 -0800] "GET /DWThemes/ HTTP/1.1" 200 937 "-" "Mozilla/5.0 (X11; U; Linux i686; en-US; rv:1.9.1.3; ips-agent) Gecko/20090824 Fedora/1.0.7-1.1.fc4  Firefox/3.5.3" "www.beavermade.net"
69.58.178.59 - - [05/Jan/2012:22:07:12 -0800] "GET /_borders/ HTTP/1.1" 200 1205 "-" "Mozilla/5.0 (X11; U; Linux i686; en-US; rv:1.9.1.3; ips-agent) Gecko/20090824 Fedora/1.0.7-1.1.fc4  Firefox/3.5.3" "www.beavermade.net"
69.58.178.59 - - [05/Jan/2012:22:07:13 -0800] "GET /_fpclass/ HTTP/1.1" 200 665 "-" "Mozilla/5.0 (X11; U; Linux i686; en-US; rv:1.9.1.3; ips-agent) Gecko/20090824 Fedora/1.0.7-1.1.fc4  Firefox/3.5.3" "www.beavermade.net"
69.58.178.59 - - [05/Jan/2012:22:07:14 -0800] "GET /_logs/ HTTP/1.1" 200 659 "-" "Mozilla/5.0 (X11; U; Linux i686; en-US; rv:1.9.1.3; ips-agent) Gecko/20090824 Fedora/1.0.7-1.1.fc4  Firefox/3.5.3" "www.beavermade.net"
69.58.178.59 - - [05/Jan/2012:22:07:15 -0800] "GET /_notes/ HTTP/1.1" 200 526 "-" "Mozilla/5.0 (X11; U; Linux i686; en-US; rv:1.9.1.3; ips-agent) Gecko/20090824 Fedora/1.0.7-1.1.fc4  Firefox/3.5.3" "www.beavermade.net"
66.249.71.105 - - [05/Jan/2012:22:58:01 -0800] "GET /hardwood/images/references/mary%20bick%20-%20800%20wide.jpg HTTP/1.1" 404 89 "-" "Googlebot-Image/1.0" "beavermade.net"
208.115.113.87 - - [05/Jan/2012:23:06:59 -0800] "GET /hardwood_flooring/images/photogallery/gallery/2005/photo2005/real.htm HTTP/1.1" 200 143460 "-" "Mozilla/5.0 (compatible; Ezooms/1.0; ezooms.bot@gmail.com)" "beavermade.net"
208.115.113.87 - - [05/Jan/2012:23:06:59 -0800] "GET /hardwood_flooring/index-yahoo.html HTTP/1.1" 200 21598 "-" "Mozilla/5.0 (compatible; Ezooms/1.0; ezooms.bot@gmail.com)" "beavermade.net"
208.115.111.71 - - [05/Jan/2012:23:28:52 -0800] "GET /robots.txt HTTP/1.1" 404 89 "-" "Mozilla/5.0 (compatible; Ezooms/1.0; ezooms.bot@gmail.com)" "beavermade.net"
208.115.113.87 - - [05/Jan/2012:23:32:01 -0800] "GET /robots.txt HTTP/1.1" 404 89 "-" "Mozilla/5.0 (compatible; Ezooms/1.0; ezooms.bot@gmail.com)" "beavermade.net"
66.249.71.19 - - [05/Jan/2012:23:39:34 -0800] "GET /hardwood_flooring_sacramento/images/misc-pages/logos/beaver_logo_2%20croppedsmall.JPG HTTP/1.1" 404 89 "-" "Googlebot-Image/1.0" "beavermade.net"
208.115.111.71 - - [06/Jan/2012:00:26:27 -0800] "GET /hardwood_flooring/pages/calander/04/03-04.htm HTTP/1.1" 200 44347 "-" "Mozilla/5.0 (compatible; Ezooms/1.0; ezooms.bot@gmail.com)" "beavermade.net"
208.115.113.87 - - [06/Jan/2012:00:27:21 -0800] "GET /hardwood_flooring/images/photogallery/gallery/2005/photo2005/real.htm HTTP/1.1" 200 143460 "-" "Mozilla/5.0 (compatible; Ezooms/1.0; ezooms.bot@gmail.com)" "beavermade.net"
208.115.113.87 - - [06/Jan/2012:00:27:21 -0800] "GET /hardwood_flooring/index-yahoo.html HTTP/1.1" 200 21598 "-" "Mozilla/5.0 (compatible; Ezooms/1.0; ezooms.bot@gmail.com)" "beavermade.net"
199.21.99.72 - - [06/Jan/2012:00:28:53 -0800] "GET /logs/access_111219.log HTTP/1.1" 200 327680 "-" "Mozilla/5.0 (compatible; YandexBot/3.0; +http://yandex.com/bots)" "beavermade.net"
123.125.71.69 - - [06/Jan/2012:00:43:43 -0800] "GET /logs/ HTTP/1.1" 200 9395 "-" "Mozilla/5.0 (compatible; Baiduspider/2.0; +http://www.baidu.com/search/spider.html)" "beavermade.net"
199.21.99.72 - - [06/Jan/2012:01:50:04 -0800] "GET /_fpclass/ HTTP/1.1" 200 665 "-" "Mozilla/5.0 (compatible; YandexBot/3.0; +http://yandex.com/bots)" "beavermade.net"
69.28.58.15 - - [06/Jan/2012:02:15:01 -0800] "GET /flooring/ HTTP/1.0" 200 15517 "http://beavermade.net/flooring/" "HuaweiSymantecSpider/1.0+DSE-support@huaweisymantec.com+(compatible; MSIE 7.0; Windows NT 5.1; Trident/4.0; .NET CLR 2.0.50727; .NET CLR 3.0.4506.2152; .NET CLR ; http://www.huaweisymantec.com/en/IRL/spider)" "beavermade.net"
199.21.99.72 - - [06/Jan/2012:02:39:10 -0800] "GET /logs/ HTTP/1.1" 200 9395 "-" "Mozilla/5.0 (compatible; YandexBot/3.0; +http://yandex.com/bots)" "beavermade.net"
199.21.99.72 - - [06/Jan/2012:02:52:00 -0800] "GET /hardwood_flooring/ HTTP/1.1" 200 16836 "-" "Mozilla/5.0 (compatible; YandexBot/3.0; +http://yandex.com/bots)" "beavermade.net"
208.115.111.71 - - [06/Jan/2012:03:00:51 -0800] "GET /robots.txt HTTP/1.1" 404 89 "-" "Mozilla/5.0 (compatible; Ezooms/1.0; ezooms.bot@gmail.com)" "beavermade.net"
199.21.99.72 - - [06/Jan/2012:03:10:42 -0800] "GET /pages/ HTTP/1.1" 200 2584 "-" "Mozilla/5.0 (compatible; YandexBot/3.0; +http://yandex.com/bots)" "beavermade.net"
199.21.99.72 - - [06/Jan/2012:03:32:27 -0800] "GET /logs/access_111205.log HTTP/1.1" 200 458752 "-" "Mozilla/5.0 (compatible; YandexBot/3.0; +http://yandex.com/bots)" "beavermade.net"
66.249.71.165 - - [06/Jan/2012:03:43:42 -0800] "GET /robots.txt HTTP/1.1" 404 89 "-" "Mozilla/5.0 (compatible; Googlebot/2.1; +http://www.google.com/bot.html)" "beavermade.net"
72.14.199.23 - - [06/Jan/2012:03:43:43 -0800] "GET / HTTP/1.1" 200 3706 "-" "AdsBot-Google (+http://www.google.com/adsbot.html)" "beavermade.net"
199.21.99.72 - - [06/Jan/2012:03:49:27 -0800] "GET /flooring/pages/references/feedback-letters_03/nancy.htm HTTP/1.1" 200 3266 "-" "Mozilla/5.0 (compatible; YandexBot/3.0; +http://yandex.com/bots)" "beavermade.net"
72.14.199.23 - - [06/Jan/2012:03:50:06 -0800] "GET / HTTP/1.1" 200 3706 "-" "AdsBot-Google-Mobile (+http://www.google.com/mobile/adsbot.html) Mozilla (iPhone; U; CPU iPhone OS 3 0 like Mac OS X) AppleWebKit (KHTML, like Gecko) Mobile Safari" "beavermade.net"
208.115.111.71 - - [06/Jan/2012:03:58:48 -0800] "GET /hardwood_flooring/pages/faqs/-faqs1/weather.htm HTTP/1.1" 200 14690 "-" "Mozilla/5.0 (compatible; Ezooms/1.0; ezooms.bot@gmail.com)" "beavermade.net"
199.21.99.72 - - [06/Jan/2012:04:22:21 -0800] "GET /hardwood_flooring/pages/faqs/basic/finish/bc4.htm HTTP/1.1" 200 6248 "-" "Mozilla/5.0 (compatible; YandexBot/3.0; +http://yandex.com/bots)" "beavermade.net"
66.249.71.115 - - [06/Jan/2012:04:25:43 -0800] "GET /hardwood_flooring/images/pic-gallery-complete/Work%20pics/2010-2011/5-9-11%20023.jpg HTTP/1.1" 200 602463 "-" "Googlebot-Image/1.0" "beavermade.net"
66.249.71.229 - - [06/Jan/2012:04:38:08 -0800] "GET /hardwood_flooring/pages/calander/10/_derived/02-10.htm_cmp_global010_hbtn.gif HTTP/1.1" 200 522 "-" "Googlebot-Image/1.0" "beavermade.net"
199.21.99.72 - - [06/Jan/2012:04:55:25 -0800] "GET /hardwood_flooring/pages/calander/07/02-07.htm HTTP/1.1" 200 30934 "-" "Mozilla/5.0 (compatible; YandexBot/3.0; +http://yandex.com/bots)" "beavermade.net"
199.21.99.72 - - [06/Jan/2012:05:34:45 -0800] "GET /flooring/pages/references/feedback-letters_03/jeff.htm HTTP/1.1" 200 8780 "-" "Mozilla/5.0 (compatible; YandexBot/3.0; +http://yandex.com/bots)" "beavermade.net"
66.249.71.180 - - [06/Jan/2012:05:42:32 -0800] "GET /hardwood_flooring/pages/pic-gallery/2003/_derived/2003_refinishes.htm_cmp_piechart010_hbtn.gif HTTP/1.1" 404 89 "-" "Googlebot-Image/1.0" "beavermade.net"
66.249.71.164 - - [06/Jan/2012:05:55:21 -0800] "GET /hardwood_flooring//robots.txt HTTP/1.1" 404 89 "-" "Mozilla/5.0 (compatible; Googlebot/2.1; +http://www.google.com/bot.html)" "beavermade.net"
66.249.71.210 - - [06/Jan/2012:05:58:59 -0800] "GET /flooring/images/photogallery/gallery/2006/photo2006/IM000212.JPG HTTP/1.1" 200 2206 "-" "Googlebot-Image/1.0" "beavermade.net"
109.230.213.188 - - [06/Jan/2012:06:18:03 -0800] "GET /flooring/pages/pic-gallery/hardwood_flooring_picture_gallery.htm HTTP/1.0" 200 4793 "http://beavermade.net/flooring/pages/pic-gallery/hardwood_flooring_picture_gallery.htm" "Mozilla/4.0 (compatible; MSIE 6.0; Windows ME) Opera 7.11  [en]" "beavermade.net"
199.21.99.72 - - [06/Jan/2012:06:20:56 -0800] "GET /flooring/pages/calander/07/08-07.htm HTTP/1.1" 200 26953 "-" "Mozilla/5.0 (compatible; YandexBot/3.0; +http://yandex.com/bots)" "beavermade.net"
66.249.71.163 - - [06/Jan/2012:06:22:40 -0800] "GET /hardwood_flooring/images/pic-gallery-complete/Work%20pics/2010-2011/IMG_0353.jpg HTTP/1.1" 200 602652 "-" "Googlebot-Image/1.0" "beavermade.net"
207.97.197.232 - - [06/Jan/2012:06:53:53 -0800] "GET /hardwood_flooring/ HTTP/1.1" 200 16836 "-" "Mozilla/4.0 (compatible; MSIE 6.0; Windows NT 5.1; .NET CLR 1.1.4322)" "beavermade.net"
208.115.111.71 - - [06/Jan/2012:06:56:42 -0800] "GET /robots.txt HTTP/1.1" 404 89 "-" "Mozilla/5.0 (compatible; Ezooms/1.0; ezooms.bot@gmail.com)" "beavermade.net"
199.21.99.72 - - [06/Jan/2012:07:02:24 -0800] "GET /flooring/pages/calander/07/03-07.htm HTTP/1.1" 200 28044 "-" "Mozilla/5.0 (compatible; YandexBot/3.0; +http://yandex.com/bots)" "beavermade.net"
208.115.113.87 - - [06/Jan/2012:07:21:23 -0800] "GET /robots.txt HTTP/1.1" 404 89 "-" "Mozilla/5.0 (compatible; Ezooms/1.0; ezooms.bot@gmail.com)" "beavermade.net"
199.21.99.72 - - [06/Jan/2012:07:33:23 -0800] "GET /flooring/pages/references/feedback-letters_05/boxer.htm HTTP/1.1" 200 2476 "-" "Mozilla/5.0 (compatible; YandexBot/3.0; +http://yandex.com/bots)" "beavermade.net"
208.115.111.71 - - [06/Jan/2012:08:00:28 -0800] "GET /hardwood_flooring/pages/contact-us/privacy-policy.htm HTTP/1.1" 200 8723 "-" "Mozilla/5.0 (compatible; Ezooms/1.0; ezooms.bot@gmail.com)" "beavermade.net"
199.21.99.72 - - [06/Jan/2012:08:14:02 -0800] "GET /hardwood/pages/links/recomendations.htm HTTP/1.1" 404 89 "-" "Mozilla/5.0 (compatible; YandexBot/3.0; +http://yandex.com/bots)" "beavermade.net"
208.115.113.87 - - [06/Jan/2012:08:16:16 -0800] "GET /robots.txt HTTP/1.1" 404 89 "-" "Mozilla/5.0 (compatible; Ezooms/1.0; ezooms.bot@gmail.com)" "beavermade.net"
199.21.99.72 - - [06/Jan/2012:08:56:33 -0800] "GET /hardwood_flooring/images/photogallery/gallery/2004/photo2004/real.htm HTTP/1.1" 200 261317 "-" "Mozilla/5.0 (compatible; YandexBot/3.0; +http://yandex.com/bots)" "beavermade.net"
208.115.113.87 - - [06/Jan/2012:09:09:48 -0800] "GET /hardwood_flooring/images/photogallery/gallery/2003/photo2003/real.htm HTTP/1.1" 200 112442 "-" "Mozilla/5.0 (compatible; Ezooms/1.0; ezooms.bot@gmail.com)" "beavermade.net"
65.52.108.146 - - [06/Jan/2012:09:30:42 -0800] "GET /robots.txt HTTP/1.1" 404 89 "-" "Mozilla/5.0 (compatible; bingbot/2.0; +http://www.bing.com/bingbot.htm)" "beavermade.net"
199.21.99.72 - - [06/Jan/2012:09:48:40 -0800] "GET /flooring/pages/references/feedback-letters_05/flora.htm HTTP/1.1" 200 2476 "-" "Mozilla/5.0 (compatible; YandexBot/3.0; +http://yandex.com/bots)" "beavermade.net"
208.126.172.227 - - [06/Jan/2012:09:54:25 -0800] "GET /hardwood_flooring//Images/Misc-Pages/logos/beaver_logo_4%20croppedsmall.JPG HTTP/1.1" 404 89 "http://www.floorbiz.com/Biz/bizViewTop.asp" "Mozilla/5.0 (Windows NT 5.1) AppleWebKit/535.7 (KHTML, like Gecko) Chrome/16.0.912.63 Safari/535.7" "beavermade.net"
207.46.204.232 - - [06/Jan/2012:09:58:38 -0800] "GET /hardwood_flooring//robots.txt HTTP/1.1" 404 89 "-" "Mozilla/5.0 (compatible; bingbot/2.0; +http://www.bing.com/bingbot.htm)" "beavermade.net"
199.21.99.72 - - [06/Jan/2012:10:22:33 -0800] "GET /hardwood_flooring/pages/calander/10/02-10.htm HTTP/1.1" 200 28635 "-" "Mozilla/5.0 (compatible; YandexBot/3.0; +http://yandex.com/bots)" "beavermade.net"
199.21.99.72 - - [06/Jan/2012:10:46:53 -0800] "GET /flooring/pages/references/feedback-letters_07/references_07.htm HTTP/1.1" 200 18045 "-" "Mozilla/5.0 (compatible; YandexBot/3.0; +http://yandex.com/bots)" "beavermade.net"
208.115.111.71 - - [06/Jan/2012:10:53:06 -0800] "GET /robots.txt HTTP/1.1" 404 89 "-" "Mozilla/5.0 (compatible; Ezooms/1.0; ezooms.bot@gmail.com)" "beavermade.net"
199.21.99.72 - - [06/Jan/2012:11:08:23 -0800] "GET /hardwood_flooring/pages/faqs/basic/finish/bc6.htm HTTP/1.1" 200 5670 "-" "Mozilla/5.0 (compatible; YandexBot/3.0; +http://yandex.com/bots)" "beavermade.net"
208.80.194.29 - - [06/Jan/2012:11:13:54 -0800] "GET / HTTP/1.0" 200 3690 "-" "Mozilla/4.0 (compatible; MSIE 6.0; Windows NT 5.1; SV1; SIMBAR={6411CF51-D894-461c-B3E1-198455937313}; .NET CLR 1.0.3705; .NET CLR 1.1.4322; Media Center PC 4.0)" "beavermade.net"
199.21.99.72 - - [06/Jan/2012:11:27:11 -0800] "GET /hardwood_flooring/pages/calander/10/03-10.htm HTTP/1.1" 200 26934 "-" "Mozilla/5.0 (compatible; YandexBot/3.0; +http://yandex.com/bots)" "beavermade.net"
208.80.194.29 - - [06/Jan/2012:11:35:37 -0800] "GET /hardwood_flooring/ HTTP/1.0" 200 16836 "-" "Mozilla/4.0 (compatible; MSIE 6.0; Windows NT 5.1; SV1; Mozilla/4.0 (compatible; MSIE 6.0; Windows NT 5.1; SV1) ; .NET CLR 1.0.3705; .NET CLR 1.1.4322)" "beavermade.net"
199.21.99.72 - - [06/Jan/2012:11:43:05 -0800] "GET /hardwood_flooring/images/photogallery/gallery/2007/photo2007/real.htm HTTP/1.1" 200 66572 "-" "Mozilla/5.0 (compatible; YandexBot/3.0; +http://yandex.com/bots)" "beavermade.net"
199.21.99.72 - - [06/Jan/2012:11:58:05 -0800] "GET /hardwood_flooring/pages/calander/08/01-08.htm HTTP/1.1" 200 29106 "-" "Mozilla/5.0 (compatible; YandexBot/3.0; +http://yandex.com/bots)" "beavermade.net"
208.115.111.71 - - [06/Jan/2012:12:01:21 -0800] "GET /hardwood_flooring/pages/calander/11/11-11.htm HTTP/1.1" 200 42931 "-" "Mozilla/5.0 (compatible; Ezooms/1.0; ezooms.bot@gmail.com)" "beavermade.net"
199.21.99.72 - - [06/Jan/2012:12:11:25 -0800] "GET /hardwood_flooring/pages/calander/03/cal-03.htm HTTP/1.1" 200 5650 "-" "Mozilla/5.0 (compatible; YandexBot/3.0; +http://yandex.com/bots)" "beavermade.net"
188.138.120.209 - - [06/Jan/2012:12:12:50 -0800] "GET /logs/ HTTP/1.1" 200 9395 "-" "Mozilla/4.0 (compatible; MSIE 6.0; Windows 98; Win 9x4.90)" "www.beavermade.net"
199.21.99.72 - - [06/Jan/2012:12:20:44 -0800] "GET /hardwood_flooring/pages/calander/10/12-10.htm HTTP/1.1" 200 26450 "-" "Mozilla/5.0 (compatible; YandexBot/3.0; +http://yandex.com/bots)" "beavermade.net"
199.21.99.72 - - [06/Jan/2012:12:30:07 -0800] "GET /flooring/pages/references/feedback-letters_05/otto.htm HTTP/1.1" 200 2474 "-" "Mozilla/5.0 (compatible; YandexBot/3.0; +http://yandex.com/bots)" "beavermade.net"
199.21.99.72 - - [06/Jan/2012:12:36:09 -0800] "GET /hardwood_flooring/pages/calander/07/03-07.htm HTTP/1.1" 200 31440 "-" "Mozilla/5.0 (compatible; YandexBot/3.0; +http://yandex.com/bots)" "beavermade.net"
180.76.5.196 - - [06/Jan/2012:12:41:05 -0800] "GET /pages/references/gerneral_contractor/ HTTP/1.1" 200 738 "-" "Mozilla/5.0 (compatible; Baiduspider/2.0; +http://www.baidu.com/search/spider.html)" "beavermade.net"
199.21.99.72 - - [06/Jan/2012:12:41:29 -0800] "GET /flooring/pages/references/feedback-letters_03/jon_lagaro_ref_letter.htm HTTP/1.1" 200 13810 "-" "Mozilla/5.0 (compatible; YandexBot/3.0; +http://yandex.com/bots)" "beavermade.net"
199.21.99.72 - - [06/Jan/2012:12:46:01 -0800] "GET /hardwood_flooring/pages/calander/10/07-10.htm HTTP/1.1" 200 29044 "-" "Mozilla/5.0 (compatible; YandexBot/3.0; +http://yandex.com/bots)" "beavermade.net"
199.21.99.72 - - [06/Jan/2012:12:49:54 -0800] "GET /hardwood_flooring/pages/calander/07/12-07.htm HTTP/1.1" 200 32248 "-" "Mozilla/5.0 (compatible; YandexBot/3.0; +http://yandex.com/bots)" "beavermade.net"
199.21.99.72 - - [06/Jan/2012:12:53:20 -0800] "GET /flooring/pages/references/feedback-letters_06/hines.htm HTTP/1.1" 200 2966 "-" "Mozilla/5.0 (compatible; YandexBot/3.0; +http://yandex.com/bots)" "beavermade.net"
199.21.99.72 - - [06/Jan/2012:12:56:05 -0800] "GET /flooring/pages/references/qualifications.htm HTTP/1.1" 200 2263 "-" "Mozilla/5.0 (compatible; YandexBot/3.0; +http://yandex.com/bots)" "beavermade.net"
199.21.99.72 - - [06/Jan/2012:12:57:30 -0800] "GET /hardwood_flooring/images/photogallery/gallery/2005/photo2005/real.htm HTTP/1.1" 200 143460 "-" "Mozilla/5.0 (compatible; YandexBot/3.0; +http://yandex.com/bots)" "beavermade.net"
199.21.99.72 - - [06/Jan/2012:12:58:16 -0800] "GET /hardwood_flooring/pages/calander/08/09-08.htm HTTP/1.1" 200 28878 "-" "Mozilla/5.0 (compatible; YandexBot/3.0; +http://yandex.com/bots)" "beavermade.net"
199.21.99.72 - - [06/Jan/2012:12:58:39 -0800] "GET /flooring/pages/references/feedback-letters_03/omni.htm HTTP/1.1" 200 2542 "-" "Mozilla/5.0 (compatible; YandexBot/3.0; +http://yandex.com/bots)" "beavermade.net"
199.21.99.72 - - [06/Jan/2012:12:58:53 -0800] "GET /flooring/pages/references/feedback-letters_05/petermarie.htm HTTP/1.1" 200 9986 "-" "Mozilla/5.0 (compatible; YandexBot/3.0; +http://yandex.com/bots)" "beavermade.net"
199.21.99.72 - - [06/Jan/2012:12:59:01 -0800] "GET /hardwood_flooring/pages/calander/07/10-07.htm HTTP/1.1" 200 32526 "-" "Mozilla/5.0 (compatible; YandexBot/3.0; +http://yandex.com/bots)" "beavermade.net"
199.21.99.72 - - [06/Jan/2012:12:59:08 -0800] "GET /hardwood_flooring/pages/calander/08/cal-08.htm HTTP/1.1" 200 6973 "-" "Mozilla/5.0 (compatible; YandexBot/3.0; +http://yandex.com/bots)" "beavermade.net"
199.21.99.72 - - [06/Jan/2012:12:59:15 -0800] "GET /hardwood_flooring/pages/calander/10/06-10.htm HTTP/1.1" 200 25934 "-" "Mozilla/5.0 (compatible; YandexBot/3.0; +http://yandex.com/bots)" "beavermade.net"
199.21.99.72 - - [06/Jan/2012:12:59:21 -0800] "GET /hardwood_flooring/pages/faqs/basic/finish/bc3.htm HTTP/1.1" 200 6270 "-" "Mozilla/5.0 (compatible; YandexBot/3.0; +http://yandex.com/bots)" "beavermade.net"
199.21.99.72 - - [06/Jan/2012:12:59:27 -0800] "GET /hardwood_flooring/pages/calander/05/cal-05.htm HTTP/1.1" 200 6509 "-" "Mozilla/5.0 (compatible; YandexBot/3.0; +http://yandex.com/bots)" "beavermade.net"
199.21.99.72 - - [06/Jan/2012:12:59:33 -0800] "GET /flooring/pages/calander/07/04-07.htm HTTP/1.1" 200 27820 "-" "Mozilla/5.0 (compatible; YandexBot/3.0; +http://yandex.com/bots)" "beavermade.net"
199.21.99.72 - - [06/Jan/2012:12:59:38 -0800] "GET /hardwood_flooring/pages/calander/10/10-10.htm HTTP/1.1" 200 25862 "-" "Mozilla/5.0 (compatible; YandexBot/3.0; +http://yandex.com/bots)" "beavermade.net"
199.21.99.72 - - [06/Jan/2012:12:59:44 -0800] "GET /hardwood_flooring/pages/calander/10/01-10.htm HTTP/1.1" 200 27139 "-" "Mozilla/5.0 (compatible; YandexBot/3.0; +http://yandex.com/bots)" "beavermade.net"
199.21.99.72 - - [06/Jan/2012:12:59:50 -0800] "GET /flooring/pages/calander/07/06-07.htm HTTP/1.1" 200 28829 "-" "Mozilla/5.0 (compatible; YandexBot/3.0; +http://yandex.com/bots)" "beavermade.net"
199.21.99.72 - - [06/Jan/2012:12:59:57 -0800] "GET /hardwood_flooring/pages/calander/09/cal-09.htm HTTP/1.1" 200 7273 "-" "Mozilla/5.0 (compatible; YandexBot/3.0; +http://yandex.com/bots)" "beavermade.net"
80.86.81.6 - - [06/Jan/2012:13:13:03 -0800] "GET /_vti_bin/ HTTP/1.1" 200 804 "-" "Mozilla/4.0 (compatible; MSIE 6.0; Windows 98; Win 9x4.90)" "www.beavermade.net"
123.125.71.96 - - [06/Jan/2012:13:14:18 -0800] "GET / HTTP/1.1" 200 3706 "-" "Mozilla/5.0 (compatible; Baiduspider/2.0; +http://www.baidu.com/search/spider.html)" "beavermade.net"
220.181.108.143 - - [06/Jan/2012:13:17:37 -0800] "GET /flooring/ HTTP/1.1" 200 15517 "-" "Mozilla/5.0 (compatible; Baiduspider/2.0; +http://www.baidu.com/search/spider.html)" "beavermade.net"
66.249.71.209 - - [06/Jan/2012:13:33:17 -0800] "GET /robots.txt HTTP/1.1" 404 89 "-" "Mozilla/5.0 (compatible; Googlebot/2.1; +http://www.google.com/bot.html)" "beavermade.net"
66.249.71.107 - - [06/Jan/2012:13:33:18 -0800] "GET /hardwood_flooring/images/pic-gallery-complete/Work%20pics/2010-2011/5-24-10%20028.jpg HTTP/1.1" 200 736736 "-" "Googlebot-Image/1.0" "beavermade.net"
209.85.224.91 - - [06/Jan/2012:13:38:51 -0800] "GET /hardwood_flooring//favicon.ico HTTP/1.1" 404 89 "http://searchdiscovered.com/?dn=hardsandhosnoro.tk&fp=fHeWKq5vTGthS29x6gkjKIKWy1GUXqk2UAmlBDeDLPrd2QsLxKMzqTNpku7HejHP%2FmizTqoeBLko%2FeL65bSFlw%3D%3D&prvtof=oHAsLuFSgm%2FMsu6dHCAM8Qm20qGVuxOGKkayEBdkitNENTDAOBaxO6VmYE9k03Eo&poru=upsWTbinHzM7xlm7xwbfcdBYiGn3abhKnSJAM5BzEq7Uzb4Sgs0qRfvcBl2MLSc8bYHd%2B9uBszaOM4tgOZWLpQDY9b6kI6JsPYkM3vs0uW1ixRVhn8CDdBxwvrglcsSI&_=1325885929" "Mozilla/5.0 (X11; Linux x86_64) AppleWebKit/534.51 (KHTML, like Gecko; Google Web Preview) Chrome/12.0.742 Safari/534.51" "beavermade.net"
66.249.71.1 - - [06/Jan/2012:13:50:04 -0800] "GET /hardwood_flooring/pages/calander/_derived/hardwood_flooring_current-cal.htm_cmp_aftrnoon010_hbtn_a.gif HTTP/1.1" 200 564 "-" "Googlebot-Image/1.0" "beavermade.net"
24.90.11.43 - - [06/Jan/2012:14:20:29 -0800] "GET /hardwood_flooring/images/5.jpg HTTP/1.1" 200 23208 "http://www.bing.com/images/search?q=red+oak+hardwood+flooring&view=detail&id=97EDBBDA442BD23568EB913EEB92278ACACDC349&first=0&qpvt=red+oak+hardwood+flooring&FORM=IDFRIR" "Mozilla/5.0 (Macintosh; Intel Mac OS X 10_7_2) AppleWebKit/534.52.7 (KHTML, like Gecko) Version/5.1.2 Safari/534.52.7" "beavermade.net"
24.90.11.43 - - [06/Jan/2012:14:20:29 -0800] "GET /hardwood_flooring/ HTTP/1.1" 200 16836 "http://www.bing.com/images/search?q=red+oak+hardwood+flooring&view=detail&id=97EDBBDA442BD23568EB913EEB92278ACACDC349&first=0&qpvt=red+oak+hardwood+flooring&FORM=IDFRIR" "Mozilla/5.0 (Macintosh; Intel Mac OS X 10_7_2) AppleWebKit/534.52.7 (KHTML, like Gecko) Version/5.1.2 Safari/534.52.7" "beavermade.net"
24.90.11.43 - - [06/Jan/2012:14:20:30 -0800] "GET /hardwood_flooring/variant-mini.css HTTP/1.1" 200 2100 "http://beavermade.net/hardwood_flooring/" "Mozilla/5.0 (Macintosh; Intel Mac OS X 10_7_2) AppleWebKit/534.52.7 (KHTML, like Gecko) Version/5.1.2 Safari/534.52.7" "beavermade.net"
24.90.11.43 - - [06/Jan/2012:14:20:30 -0800] "GET /hardwood_flooring/images/misc-pages/cslblogo_bluegrad2.gif HTTP/1.1" 200 4831 "http://beavermade.net/hardwood_flooring/" "Mozilla/5.0 (Macintosh; Intel Mac OS X 10_7_2) AppleWebKit/534.52.7 (KHTML, like Gecko) Version/5.1.2 Safari/534.52.7" "beavermade.net"
24.90.11.43 - - [06/Jan/2012:14:20:30 -0800] "GET /hardwood_flooring/images/untitled.jpg HTTP/1.1" 200 35514 "http://beavermade.net/hardwood_flooring/" "Mozilla/5.0 (Macintosh; Intel Mac OS X 10_7_2) AppleWebKit/534.52.7 (KHTML, like Gecko) Version/5.1.2 Safari/534.52.7" "beavermade.net"
24.90.11.43 - - [06/Jan/2012:14:20:30 -0800] "GET /hardwood_flooring/images/untitled1.jpg HTTP/1.1" 200 26286 "http://beavermade.net/hardwood_flooring/" "Mozilla/5.0 (Macintosh; Intel Mac OS X 10_7_2) AppleWebKit/534.52.7 (KHTML, like Gecko) Version/5.1.2 Safari/534.52.7" "beavermade.net"
24.90.11.43 - - [06/Jan/2012:14:20:30 -0800] "GET /hardwood_flooring/images/misc-pages/logos/beaver_logo_2%20croppedsmall.JPG HTTP/1.1" 200 4058 "http://beavermade.net/hardwood_flooring/" "Mozilla/5.0 (Macintosh; Intel Mac OS X 10_7_2) AppleWebKit/534.52.7 (KHTML, like Gecko) Version/5.1.2 Safari/534.52.7" "beavermade.net"
24.90.11.43 - - [06/Jan/2012:14:20:30 -0800] "GET /hardwood_flooring/images/bodybg.gif HTTP/1.1" 200 339 "http://beavermade.net/hardwood_flooring/" "Mozilla/5.0 (Macintosh; Intel Mac OS X 10_7_2) AppleWebKit/534.52.7 (KHTML, like Gecko) Version/5.1.2 Safari/534.52.7" "beavermade.net"
24.90.11.43 - - [06/Jan/2012:14:20:30 -0800] "GET /hardwood_flooring/images/footbg.jpg HTTP/1.1" 200 12097 "http://beavermade.net/hardwood_flooring/" "Mozilla/5.0 (Macintosh; Intel Mac OS X 10_7_2) AppleWebKit/534.52.7 (KHTML, like Gecko) Version/5.1.2 Safari/534.52.7" "beavermade.net"
24.90.11.43 - - [06/Jan/2012:14:20:31 -0800] "GET /hardwood_flooring/images/6.jpg HTTP/1.1" 200 309293 "http://beavermade.net/hardwood_flooring/" "Mozilla/5.0 (Macintosh; Intel Mac OS X 10_7_2) AppleWebKit/534.52.7 (KHTML, like Gecko) Version/5.1.2 Safari/534.52.7" "beavermade.net"
24.90.11.43 - - [06/Jan/2012:14:20:42 -0800] "GET /hardwood_flooring/images/videos/slidshow2_NEW.swf HTTP/1.1" 200 7691355 "http://beavermade.net/hardwood_flooring/" "Mozilla/5.0 (Macintosh; Intel Mac OS X 10_7_2) AppleWebKit/534.52.7 (KHTML, like Gecko) Version/5.1.2 Safari/534.52.7" "beavermade.net"
24.90.11.43 - - [06/Jan/2012:14:20:49 -0800] "GET /hardwood_flooring/images/videos/slideshow3_NEW.swf HTTP/1.1" 200 16501698 "http://beavermade.net/hardwood_flooring/" "Mozilla/5.0 (Macintosh; Intel Mac OS X 10_7_2) AppleWebKit/534.52.7 (KHTML, like Gecko) Version/5.1.2 Safari/534.52.7" "beavermade.net"
65.52.108.146 - - [06/Jan/2012:14:30:20 -0800] "GET /robots.txt HTTP/1.1" 404 89 "-" "Mozilla/5.0 (compatible; bingbot/2.0; +http://www.bing.com/bingbot.htm)" "beavermade.net"
66.249.71.180 - - [06/Jan/2012:14:38:12 -0800] "GET /flooring/images/pic-gallery-complete/Work%20pics/2003/cindy%20chism/RCA_0049.JPG HTTP/1.1" 200 1109002 "-" "Googlebot-Image/1.0" "beavermade.net"
65.52.108.146 - - [06/Jan/2012:14:43:10 -0800] "GET / HTTP/1.1" 200 3706 "-" "Mozilla/5.0 (compatible; bingbot/2.0; +http://www.bing.com/bingbot.htm)" "beavermade.net"
208.115.113.87 - - [06/Jan/2012:16:21:55 -0800] "GET /robots.txt HTTP/1.1" 404 89 "-" "Mozilla/5.0 (compatible; Ezooms/1.0; ezooms.bot@gmail.com)" "beavermade.net"
208.80.194.29 - - [06/Jan/2012:16:32:09 -0800] "GET /hardwood_flooring/ HTTP/1.0" 200 16836 "-" "Mozilla/4.0 (compatible; MSIE 7.0; Windows NT 5.1; .NET CLR 1.1.4322) Sleipnir/2.49" "beavermade.net"
66.249.71.83 - - [06/Jan/2012:16:45:41 -0800] "GET /hardwood_flooring/images/pic-gallery-complete/Work%20pics/2010-2011/3-3-09%20024.jpg HTTP/1.1" 200 685312 "-" "Googlebot-Image/1.0" "beavermade.net"
217.157.141.149 - - [06/Jan/2012:16:49:24 -0800] "GET / HTTP/1.1" 200 3706 "-" "IE 5.5 Compatible Browser" "www.beavermade.net"
66.249.71.3 - - [06/Jan/2012:17:12:47 -0800] "GET /hardwood_flooring//robots.txt HTTP/1.1" 404 89 "-" "Mozilla/5.0 (compatible; Googlebot/2.1; +http://www.google.com/bot.html)" "beavermade.net"
66.249.71.129 - - [06/Jan/2012:17:12:48 -0800] "GET /hardwood_flooring//Other-Webs/myspace/main/pics/sex.gif HTTP/1.1" 404 89 "-" "Mozilla/5.0 (compatible; Googlebot/2.1; +http://www.google.com/bot.html)" "beavermade.net"
66.249.71.20 - - [06/Jan/2012:17:12:49 -0800] "GET /hardwood_flooring//Other-Webs/myspace/main/pics/predrotatet.gif HTTP/1.1" 404 89 "-" "Mozilla/5.0 (compatible; Googlebot/2.1; +http://www.google.com/bot.html)" "beavermade.net"
66.249.71.104 - - [06/Jan/2012:17:12:50 -0800] "GET /hardwood_flooring//Other-Webs/myspace/main/pics/smiley_MOVING_EYES.gif HTTP/1.1" 404 89 "-" "Mozilla/5.0 (compatible; Googlebot/2.1; +http://www.google.com/bot.html)" "beavermade.net"
188.138.83.189 - - [06/Jan/2012:17:18:58 -0800] "GET /_vti_inf.html HTTP/1.1" 200 2151 "-" "Mozilla/4.0 (compatible; MSIE 6.0; Windows 98; Win 9x4.90)" "www.beavermade.net"
213.186.127.11 - - [06/Jan/2012:17:21:55 -0800] "GET /hardwood_flooring/pages/calander/03/cal-03.htm HTTP/1.1" 200 5650 "-" "Mozilla/5.0 (compatible; AhrefsBot/2.0; +http://ahrefs.com/robot/)" "beavermade.net"
208.115.113.87 - - [06/Jan/2012:17:26:28 -0800] "GET /hardwood_flooring/pages/calander/11/11-02.htm HTTP/1.1" 200 38260 "-" "Mozilla/5.0 (compatible; Ezooms/1.0; ezooms.bot@gmail.com)" "beavermade.net"
81.52.143.33 - - [06/Jan/2012:17:28:19 -0800] "GET /hardwood_flooring/ HTTP/1.1" 200 16836 "-" "Mozilla/5.0 (Windows; U; Windows NT 5.1; fr; rv:1.8.1) VoilaBot BETA 1.2 (support.voilabot@orange-ftgroup.com)" "beavermade.net"
80.86.90.87 - - [06/Jan/2012:18:01:43 -0800] "GET /images/ HTTP/1.1" 404 89 "-" "Mozilla/4.0 (compatible; MSIE 6.0; Windows 98; Win 9x4.90)" "www.beavermade.net"
208.115.111.71 - - [06/Jan/2012:19:01:05 -0800] "GET /robots.txt HTTP/1.1" 404 89 "-" "Mozilla/5.0 (compatible; Ezooms/1.0; ezooms.bot@gmail.com)" "beavermade.net"
50.23.239.14 - - [06/Jan/2012:19:19:48 -0800] "GET /hardwood_flooring//robots.txt HTTP/1.1" 404 89 "http://www.orangeask.com/" "Mozilla/4.0 (compatible; MSIE 7.0; Windows NT 5.1; Mozilla/4.0 (compatible; MSIE 6.0; Windows NT 5.1; SV1) ; .NET CLR 2.0.50727; .NET CLR 3.0.4506.2152; .NET CLR 3.5.30729)" "beavermade.net"
50.23.239.14 - - [06/Jan/2012:19:19:48 -0800] "GET /hardwood_flooring/ HTTP/1.1" 200 16836 "http://www.orangeask.com/" "Mozilla/4.0 (compatible; MSIE 7.0; Windows NT 5.1; Mozilla/4.0 (compatible; MSIE 6.0; Windows NT 5.1; SV1) ; .NET CLR 2.0.50727; .NET CLR 3.0.4506.2152; .NET CLR 3.5.30729)" "beavermade.net"
66.249.71.162 - - [06/Jan/2012:19:34:04 -0800] "GET /hardwood_flooring//robots.txt HTTP/1.1" 404 89 "-" "Mozilla/5.0 (compatible; Googlebot/2.1; +http://www.google.com/bot.html)" "beavermade.net"
66.249.71.84 - - [06/Jan/2012:20:20:24 -0800] "GET /hardwood_flooring/ HTTP/1.1" 200 16836 "-" "DoCoMo/2.0 N905i(c100;TB;W24H16) (compatible; Googlebot-Mobile/2.1; +http://www.google.com/bot.html)" "beavermade.net"
208.115.113.87 - - [06/Jan/2012:20:26:01 -0800] "GET /robots.txt HTTP/1.1" 404 89 "-" "Mozilla/5.0 (compatible; Ezooms/1.0; ezooms.bot@gmail.com)" "beavermade.net"
208.115.113.87 - - [06/Jan/2012:20:34:46 -0800] "GET /hardwood_flooring/Pages/Searches/3.htm HTTP/1.1" 404 89 "-" "Mozilla/5.0 (compatible; Ezooms/1.0; ezooms.bot@gmail.com)" "beavermade.net"
108.59.8.70 - - [06/Jan/2012:20:37:20 -0800] "GET /hardwood_flooring/robots.txt HTTP/1.0" 404 73 "-" "Mozilla/5.0 (compatible; MJ12bot/v1.4.1; http://www.majestic12.co.uk/bot.php?+)" "beavermade.net"
108.59.8.70 - - [06/Jan/2012:20:37:22 -0800] "GET /robots.txt HTTP/1.0" 404 73 "-" "Mozilla/5.0 (compatible; MJ12bot/v1.4.1; http://www.majestic12.co.uk/bot.php?+)" "beavermade.net"
108.59.8.70 - - [06/Jan/2012:20:37:23 -0800] "GET /hardwood_flooring/ HTTP/1.0" 200 16836 "-" "Mozilla/5.0 (compatible; MJ12bot/v1.4.1; http://www.majestic12.co.uk/bot.php?+)" "beavermade.net"
108.59.8.70 - - [06/Jan/2012:20:37:29 -0800] "GET /hardwood_flooring/robots.txt HTTP/1.0" 404 73 "-" "Mozilla/5.0 (compatible; MJ12bot/v1.4.1; http://www.majestic12.co.uk/bot.php?+)" "beavermade.net"
108.59.8.70 - - [06/Jan/2012:20:37:31 -0800] "GET /robots.txt HTTP/1.0" 404 73 "-" "Mozilla/5.0 (compatible; MJ12bot/v1.4.1; http://www.majestic12.co.uk/bot.php?+)" "beavermade.net"
108.59.8.70 - - [06/Jan/2012:20:37:33 -0800] "GET /hardwood_flooring/ HTTP/1.0" 200 16836 "-" "Mozilla/5.0 (compatible; MJ12bot/v1.4.1; http://www.majestic12.co.uk/bot.php?+)" "beavermade.net"
208.115.113.87 - - [06/Jan/2012:21:28:00 -0800] "GET /hardwood_flooring/pages/references/qualifications.htm HTTP/1.1" 200 19294 "-" "Mozilla/5.0 (compatible; Ezooms/1.0; ezooms.bot@gmail.com)" "beavermade.net"
65.52.109.62 - - [06/Jan/2012:21:34:38 -0800] "GET /robots.txt HTTP/1.1" 404 89 "-" "Mozilla/5.0 (compatible; bingbot/2.0; +http://www.bing.com/bingbot.htm)" "beavermade.net"
50.23.239.14 - - [06/Jan/2012:21:43:47 -0800] "GET /hardwood_flooring//robots.txt HTTP/1.1" 404 89 "http://www.orangeask.com/" "Mozilla/4.0 (compatible; MSIE 7.0; Windows NT 5.1; Mozilla/4.0 (compatible; MSIE 6.0; Windows NT 5.1; SV1) ; .NET CLR 2.0.50727; .NET CLR 3.0.4506.2152; .NET CLR 3.5.30729)" "beavermade.net"
50.23.239.14 - - [06/Jan/2012:21:43:47 -0800] "GET /hardwood_flooring/ HTTP/1.1" 200 16836 "http://www.orangeask.com/" "Mozilla/4.0 (compatible; MSIE 7.0; Windows NT 5.1; Mozilla/4.0 (compatible; MSIE 6.0; Windows NT 5.1; SV1) ; .NET CLR 2.0.50727; .NET CLR 3.0.4506.2152; .NET CLR 3.5.30729)" "beavermade.net"
65.52.109.62 - - [06/Jan/2012:22:41:17 -0800] "GET /flooring/pages/pic-gallery/hardwood_flooring_picture_gallery.htm HTTP/1.1" 200 4793 "-" "Mozilla/5.0 (compatible; bingbot/2.0; +http://www.bing.com/bingbot.htm)" "beavermade.net"
65.52.110.191 - - [06/Jan/2012:22:43:05 -0800] "GET /robots.txt HTTP/1.1" 404 89 "-" "Mozilla/5.0 (compatible; bingbot/2.0; +http://www.bing.com/bingbot.htm)" "beavermade.net"
66.249.71.162 - - [06/Jan/2012:23:36:39 -0800] "GET /hardwood_flooring/images/pic-gallery-complete/Work%20pics/2002/Install/job-Sam-Toplin/job-%201k%20800x600.JPG HTTP/1.1" 200 44343 "-" "Googlebot-Image/1.0" "beavermade.net"
217.172.168.63 - - [06/Jan/2012:23:52:46 -0800] "GET /nortonsw_097fcf90-872a-0.html HTTP/1.1" 200 525 "-" "Mozilla/4.0 (compatible; MSIE 6.0; Windows 98; Win 9x4.90)" "www.beavermade.net"
123.125.71.54 - - [07/Jan/2012:00:03:37 -0800] "GET /hardwood_flooring/ HTTP/1.1" 200 16836 "-" "Mozilla/5.0 (compatible; Baiduspider/2.0; +http://www.baidu.com/search/spider.html)" "beavermade.net"
208.115.113.87 - - [07/Jan/2012:00:29:30 -0800] "GET /robots.txt HTTP/1.1" 404 89 "-" "Mozilla/5.0 (compatible; Ezooms/1.0; ezooms.bot@gmail.com)" "beavermade.net"
66.249.71.230 - - [07/Jan/2012:00:31:09 -0800] "GET /hardwood_flooring/images/pic-gallery-complete/Work%20pics/2005/2005-01%20Jan-16/IM000024.JPG HTTP/1.1" 200 591520 "-" "Googlebot-Image/1.0" "beavermade.net"
208.115.111.71 - - [07/Jan/2012:01:15:57 -0800] "GET /robots.txt HTTP/1.1" 404 89 "-" "Mozilla/5.0 (compatible; Ezooms/1.0; ezooms.bot@gmail.com)" "beavermade.net"
208.115.113.87 - - [07/Jan/2012:01:43:26 -0800] "GET /robots.txt HTTP/1.1" 404 89 "-" "Mozilla/5.0 (compatible; Ezooms/1.0; ezooms.bot@gmail.com)" "beavermade.net"
207.46.194.113 - - [07/Jan/2012:02:03:47 -0800] "GET /robots.txt HTTP/1.1" 404 89 "-" "msnbot-media/1.1 (+http://search.msn.com/msnbot.htm)" "beavermade.net"
207.46.194.113 - - [07/Jan/2012:02:03:48 -0800] "GET /hardwood_flooring/images/3.jpg HTTP/1.1" 200 20829 "-" "msnbot-media/1.1 (+http://search.msn.com/msnbot.htm)" "beavermade.net"
207.46.194.113 - - [07/Jan/2012:02:03:48 -0800] "GET /hardwood_flooring/ HTTP/1.1" 200 16836 "-" "msnbot-media/1.1 (+http://search.msn.com/msnbot.htm)" "beavermade.net"
208.115.111.71 - - [07/Jan/2012:02:19:43 -0800] "GET /hardwood_flooring/pages/calander/04/07-04.htm HTTP/1.1" 200 41998 "-" "Mozilla/5.0 (compatible; Ezooms/1.0; ezooms.bot@gmail.com)" "beavermade.net"
65.52.110.191 - - [07/Jan/2012:02:29:39 -0800] "GET /hardwood_flooring/ HTTP/1.1" 200 16836 "-" "Mozilla/5.0 (compatible; bingbot/2.0; +http://www.bing.com/bingbot.htm)" "beavermade.net"
208.115.113.87 - - [07/Jan/2012:02:44:25 -0800] "GET /hardwood_flooring/pages/calander/08/03-08.htm HTTP/1.1" 200 35408 "-" "Mozilla/5.0 (compatible; Ezooms/1.0; ezooms.bot@gmail.com)" "beavermade.net"
64.22.106.82 - - [07/Jan/2012:03:03:29 -0800] "GET /hardwood_flooring/robots.txt HTTP/1.0" 404 73 "-" "Gigabot/3.0 (http://www.gigablast.com/spider.html)" "beavermade.net"
65.52.110.191 - - [07/Jan/2012:03:25:14 -0800] "GET /robots.txt HTTP/1.1" 404 89 "-" "Mozilla/5.0 (compatible; bingbot/2.0; +http://www.bing.com/bingbot.htm)" "beavermade.net"
199.21.99.72 - - [07/Jan/2012:03:44:54 -0800] "GET /robots.txt HTTP/1.1" 404 89 "-" "Mozilla/5.0 (compatible; YandexBot/3.0; +http://yandex.com/bots)" "beavermade.net"
213.186.127.11 - - [07/Jan/2012:04:33:43 -0800] "GET /hardwood_flooring/index.html HTTP/1.1" 200 16836 "-" "Mozilla/5.0 (compatible; AhrefsBot/2.0; +http://ahrefs.com/robot/)" "beavermade.net"
213.186.127.11 - - [07/Jan/2012:04:36:57 -0800] "GET /hardwood_flooring/pages/pic-gallery/2009-10-11/09-10-11-Pics.htm HTTP/1.1" 200 19233 "-" "Mozilla/5.0 (compatible; AhrefsBot/2.0; +http://ahrefs.com/robot/)" "beavermade.net"
208.80.194.26 - - [07/Jan/2012:04:42:17 -0800] "GET /flooring/index_files/image001.jpg HTTP/1.0" 200 18294 "-" "Mozilla/4.0 (compatible; MSIE 6.0; Windows NT 5.1; SV1; YComp 5.0.0.0; FunWebProducts; .NET CLR 1.1.4322; yplus 3.01)" "beavermade.net"
207.46.195.242 - - [07/Jan/2012:04:45:24 -0800] "GET /robots.txt HTTP/1.1" 404 89 "-" "Mozilla/5.0 (compatible; bingbot/2.0; +http://www.bing.com/bingbot.htm)" "beavermade.net"
208.80.194.26 - - [07/Jan/2012:04:47:53 -0800] "GET /flooring/ HTTP/1.0" 200 15517 "-" "Mozilla/4.0 (compatible; MSIE 6.0; Windows NT 5.1; SV1; FunWebProducts; .NET CLR 1.1.4322; HbTools 4.7.1; SpamBlockerUtility 4.8.0)" "beavermade.net"
207.46.195.242 - - [07/Jan/2012:04:48:38 -0800] "GET /hardwood_flooring/ HTTP/1.1" 200 16836 "-" "Mozilla/5.0 (compatible; bingbot/2.0; +http://www.bing.com/bingbot.htm)" "beavermade.net"
107.22.1.108 - - [07/Jan/2012:04:55:37 -0800] "GET /flooring/pages/links/boycott.htm HTTP/1.0" 200 15197 "-" "linkdex.com/v2.0" "beavermade.net"
50.16.178.201 - - [07/Jan/2012:04:55:39 -0800] "GET /robots.txt HTTP/1.0" 404 73 "-" "linkdex.com/v2.0" "beavermade.net"
50.16.178.201 - - [07/Jan/2012:04:55:39 -0800] "GET /robots.txt HTTP/1.0" 404 73 "-" "linkdex.com/v2.0" "www.beavermade.net"
208.80.194.34 - - [07/Jan/2012:05:02:20 -0800] "GET /flooring/pages/pic-gallery/hardwood_flooring_picture_gallery.htm HTTP/1.0" 200 4793 "-" "Mozilla/4.0 (compatible; MSIE 7.0; Windows NT 5.2; WOW64; FunWebProducts)" "beavermade.net"
208.80.194.34 - - [07/Jan/2012:05:02:46 -0800] "GET /flooring/pages/contact-us/hardwood_flooring_contact_us_m.htm HTTP/1.0" 200 11928 "-" "Mozilla/4.0 (compatible; MSIE 6.0; Windows NT 5.1; SV1; SIMBAR Enabled; SIMBAR={8E695BB7-93B7-4c15-860E-76E56C77EBA7}; SIMBAR=0; .NET CLR 1.0.3705; .NET CLR 1.1.4322; Media Center PC 4.0)" "beavermade.net"
208.80.194.27 - - [07/Jan/2012:05:11:58 -0800] "GET /flooring/pages/calander/hardwood_flooring_current-cal.htm HTTP/1.0" 200 2968 "-" "Mozilla/4.0 (compatible; MSIE 5.5; Windows 98; AT&T CSM 6; FunWebProducts; HbTools 4.8.0)" "beavermade.net"
66.249.71.239 - - [07/Jan/2012:05:13:15 -0800] "GET /robots.txt HTTP/1.1" 404 89 "-" "Mozilla/5.0 (compatible; Googlebot/2.1; +http://www.google.com/bot.html)" "beavermade.net"
66.249.71.230 - - [07/Jan/2012:05:13:16 -0800] "GET /hardwood_flooring/images/photogallery/gallery/2008/photo00030287/IM000675.jpg HTTP/1.1" 200 3093 "-" "Googlebot-Image/1.0" "beavermade.net"
208.80.194.35 - - [07/Jan/2012:05:13:53 -0800] "GET /backup2/images/videos/slidshow2_NEW.swf HTTP/1.0" 404 73 "-" "Mozilla/4.0 (compatible; MSIE 6.0; Windows NT 5.0; Cox High Speed Internet Customer; T312461)" "beavermade.net"
66.249.71.19 - - [07/Jan/2012:05:34:58 -0800] "GET /hardwood_flooring/images/pic-gallery-complete/Work%20pics/2010-2011/IMG_0451.jpg HTTP/1.1" 200 705815 "-" "Googlebot-Image/1.0" "beavermade.net"
209.85.224.95 - - [07/Jan/2012:05:41:49 -0800] "GET /hardwood_flooring//Other-Webs/aaron&brian.htm HTTP/1.1" 404 89 "http://www.google.com/search?hl=en&q=beavermade.com+aaron&brian" "Mozilla/4.0 (compatible; MSIE 7.0; Windows NT 5.1; Trident/4.0)" "beavermade.net"
69.28.58.43 - - [07/Jan/2012:06:12:09 -0800] "GET /robots.txt HTTP/1.0" 404 73 "http://beavermade.net/robots.txt" "Mozilla/4.0 (compatible; MSIE 8.0; Windows NT 5.1; SV1; .NET CLR 2.0.50727)" "beavermade.net"
69.28.58.43 - - [07/Jan/2012:06:12:10 -0800] "GET /hardwood_flooring HTTP/1.0" 301 87 "http://beavermade.net/hardwood_flooring" "Mozilla/4.0 (compatible; MSIE 8.0; Windows NT 5.1; SV1; .NET CLR 2.0.50727)" "beavermade.net"
69.28.58.43 - - [07/Jan/2012:06:12:20 -0800] "GET /hardwood_flooring/ HTTP/1.0" 200 16836 "http://beavermade.net/hardwood_flooring/" "Mozilla/4.0 (compatible; MSIE 8.0; Windows NT 5.1; SV1; .NET CLR 2.0.50727)" "beavermade.net"
199.21.99.72 - - [07/Jan/2012:07:06:11 -0800] "GET /logs/access_110613.log HTTP/1.1" 200 720896 "-" "Mozilla/5.0 (compatible; YandexBot/3.0; +http://yandex.com/bots)" "beavermade.net"
66.249.71.165 - - [07/Jan/2012:07:20:35 -0800] "GET /hardwood/images/misc-pages/cslblogo_bluegrad2.gif HTTP/1.1" 404 89 "-" "Googlebot-Image/1.0" "beavermade.net"
80.86.90.91 - - [07/Jan/2012:07:30:09 -0800] "GET /?S=A HTTP/1.1" 200 3706 "-" "Mozilla/4.0 (compatible; MSIE 6.0; Windows 98; Win 9x4.90)" "www.beavermade.net"
199.21.99.72 - - [07/Jan/2012:09:02:40 -0800] "GET /logs/access_111128.log HTTP/1.1" 200 720896 "-" "Mozilla/5.0 (compatible; YandexBot/3.0; +http://yandex.com/bots)" "beavermade.net"
72.14.199.23 - - [07/Jan/2012:09:28:57 -0800] "GET / HTTP/1.1" 200 3706 "-" "AdsBot-Google (+http://www.google.com/adsbot.html)" "beavermade.net"
208.115.111.71 - - [07/Jan/2012:09:48:51 -0800] "GET /robots.txt HTTP/1.1" 404 89 "-" "Mozilla/5.0 (compatible; Ezooms/1.0; ezooms.bot@gmail.com)" "beavermade.net"
66.249.71.163 - - [07/Jan/2012:09:59:08 -0800] "GET /hardwood_flooring/_derived/index.html_cmp_aftrnoon010_hbtn_a.gif HTTP/1.1" 200 567 "-" "Googlebot-Image/1.0" "beavermade.net"
199.21.99.72 - - [07/Jan/2012:10:24:58 -0800] "GET /logs/access_110411.log HTTP/1.1" 200 327680 "-" "Mozilla/5.0 (compatible; YandexBot/3.0; +http://yandex.com/bots)" "beavermade.net"
213.186.127.11 - - [07/Jan/2012:10:40:27 -0800] "GET /hardwood_flooring/pages/references/feedback-letters_05/references_05.htm HTTP/1.1" 200 17663 "-" "Mozilla/5.0 (compatible; AhrefsBot/2.0; +http://ahrefs.com/robot/)" "beavermade.net"
208.115.111.71 - - [07/Jan/2012:10:51:53 -0800] "GET /hardwood_flooring/pages/calander/10/cal-10.htm HTTP/1.1" 200 7273 "-" "Mozilla/5.0 (compatible; Ezooms/1.0; ezooms.bot@gmail.com)" "beavermade.net"
199.21.99.72 - - [07/Jan/2012:11:30:09 -0800] "GET /logs/access_110502.log HTTP/1.1" 200 589824 "-" "Mozilla/5.0 (compatible; YandexBot/3.0; +http://yandex.com/bots)" "beavermade.net"
180.76.5.172 - - [07/Jan/2012:11:32:28 -0800] "GET / HTTP/1.1" 200 3706 "-" "Mozilla/5.0 (compatible; Baiduspider/2.0; +http://www.baidu.com/search/spider.html)" "beavermade.net"
66.249.71.84 - - [07/Jan/2012:12:16:11 -0800] "GET /robots.txt HTTP/1.1" 404 89 "-" "Mozilla/5.0 (compatible; Googlebot/2.1; +http://www.google.com/bot.html)" "beavermade.net"
66.249.71.208 - - [07/Jan/2012:12:16:15 -0800] "GET /hardwood_flooring/images/pic-gallery-complete/Work%20pics/2007/11-06-07/0-30-07%20152.jpg HTTP/1.1" 200 937664 "-" "Googlebot-Image/1.0" "beavermade.net"
199.21.99.72 - - [07/Jan/2012:12:17:06 -0800] "GET /logs/access_110530.log HTTP/1.1" 200 393216 "-" "Mozilla/5.0 (compatible; YandexBot/3.0; +http://yandex.com/bots)" "beavermade.net"
207.46.199.239 - - [07/Jan/2012:12:28:53 -0800] "GET /robots.txt HTTP/1.1" 404 89 "-" "msnbot-media/1.1 (+http://search.msn.com/msnbot.htm)" "beavermade.net"
207.46.199.239 - - [07/Jan/2012:12:28:53 -0800] "GET /hardwood_flooring/ HTTP/1.1" 200 16836 "-" "msnbot-media/1.1 (+http://search.msn.com/msnbot.htm)" "beavermade.net"
199.21.99.72 - - [07/Jan/2012:12:51:26 -0800] "GET /logs/access_110523.log HTTP/1.1" 200 293399 "-" "Mozilla/5.0 (compatible; YandexBot/3.0; +http://yandex.com/bots)" "beavermade.net"
208.115.113.87 - - [07/Jan/2012:13:02:15 -0800] "GET /robots.txt HTTP/1.1" 404 89 "-" "Mozilla/5.0 (compatible; Ezooms/1.0; ezooms.bot@gmail.com)" "beavermade.net"
199.21.99.72 - - [07/Jan/2012:13:22:58 -0800] "GET /logs/access_101220.log HTTP/1.1" 200 327680 "-" "Mozilla/5.0 (compatible; YandexBot/3.0; +http://yandex.com/bots)" "beavermade.net"
199.21.99.72 - - [07/Jan/2012:13:51:37 -0800] "GET /logs/access_110425.log HTTP/1.1" 200 458752 "-" "Mozilla/5.0 (compatible; YandexBot/3.0; +http://yandex.com/bots)" "beavermade.net"
208.115.111.71 - - [07/Jan/2012:14:00:54 -0800] "GET /robots.txt HTTP/1.1" 404 89 "-" "Mozilla/5.0 (compatible; Ezooms/1.0; ezooms.bot@gmail.com)" "beavermade.net"
208.115.113.87 - - [07/Jan/2012:14:04:06 -0800] "GET /hardwood_flooring/pages/calander/06/04-06.htm HTTP/1.1" 200 36310 "-" "Mozilla/5.0 (compatible; Ezooms/1.0; ezooms.bot@gmail.com)" "beavermade.net"
199.21.99.72 - - [07/Jan/2012:14:18:09 -0800] "GET /hardwood_flooring/index.html HTTP/1.1" 200 16836 "-" "Mozilla/5.0 (compatible; YandexBot/3.0; +http://yandex.com/bots)" "beavermade.net"
66.249.71.36 - - [07/Jan/2012:14:20:29 -0800] "GET /flooring/images/references/feedback_pages/kyle%20wilson%20800%20width.jpg HTTP/1.1" 200 262633 "-" "Googlebot-Image/1.0" "beavermade.net"
199.21.99.72 - - [07/Jan/2012:14:35:37 -0800] "GET /hardwood_flooring/pages/calander/07/06-07.htm HTTP/1.1" 200 32124 "-" "Mozilla/5.0 (compatible; YandexBot/3.0; +http://yandex.com/bots)" "beavermade.net"
199.21.99.72 - - [07/Jan/2012:14:49:07 -0800] "GET /hardwood_flooring/pages/calander/08/10-08.htm HTTP/1.1" 200 28681 "-" "Mozilla/5.0 (compatible; YandexBot/3.0; +http://yandex.com/bots)" "beavermade.net"
65.52.108.146 - - [07/Jan/2012:14:57:07 -0800] "GET /robots.txt HTTP/1.1" 404 89 "-" "Mozilla/5.0 (compatible; bingbot/2.0; +http://www.bing.com/bingbot.htm)" "beavermade.net"
199.21.99.72 - - [07/Jan/2012:14:57:47 -0800] "GET /hardwood_flooring/pages/calander/08/04-08.htm HTTP/1.1" 200 30519 "-" "Mozilla/5.0 (compatible; YandexBot/3.0; +http://yandex.com/bots)" "beavermade.net"
208.115.111.71 - - [07/Jan/2012:15:02:33 -0800] "GET /hardwood_flooring/pages/calander/09/04-09.htm HTTP/1.1" 200 23218 "-" "Mozilla/5.0 (compatible; Ezooms/1.0; ezooms.bot@gmail.com)" "beavermade.net"
208.115.111.71 - - [07/Jan/2012:15:02:34 -0800] "GET /hardwood_flooring/pages/calander/10/01-10.htm HTTP/1.1" 200 27139 "-" "Mozilla/5.0 (compatible; Ezooms/1.0; ezooms.bot@gmail.com)" "beavermade.net"
199.21.99.72 - - [07/Jan/2012:15:04:44 -0800] "GET /flooring/pages/references/feedback-letters_05/batchelor.htm HTTP/1.1" 200 2485 "-" "Mozilla/5.0 (compatible; YandexBot/3.0; +http://yandex.com/bots)" "beavermade.net"
199.21.99.72 - - [07/Jan/2012:15:10:54 -0800] "GET /flooring/pages/calander/07/09-07.htm HTTP/1.1" 200 28912 "-" "Mozilla/5.0 (compatible; YandexBot/3.0; +http://yandex.com/bots)" "beavermade.net"
